{"id":95,"date":"2018-05-08T21:59:56","date_gmt":"2018-05-08T20:59:56","guid":{"rendered":"https:\/\/oczamidziecka.al.uw.edu.pl\/?page_id=95"},"modified":"2019-02-11T18:43:11","modified_gmt":"2019-02-11T17:43:11","slug":"linki","status":"publish","type":"page","link":"https:\/\/oczamidziecka.al.uw.edu.pl\/index.php\/linki\/","title":{"rendered":"Linki"},"content":{"rendered":"<h6>Lista przydatnych link\u00f3w:<\/h6>\n<p><a href=\"http:\/\/mbp-oswiecim.pl\/cld\/\" target=\"_blank\" rel=\"noopener\">Centrum Literatury Dzieci\u0119cej Miejskiej Biblioteki Publicznej im. \u0141. G\u00f3rnickiego GALERIA KSI\u0104\u017bKI w O\u015bwi\u0119cimiu<\/a><\/p>\n<p><a href=\"https:\/\/www.polin.pl\/pl\" target=\"_blank\" rel=\"noopener\">Muzeum Historii \u017byd\u00f3w Polskich POLIN<\/a><\/p>\n<p><a href=\"http:\/\/www.koszykowa.pl\/mkd\/o-nas\" target=\"_blank\" rel=\"noopener\">Muzeum Ksi\u0105\u017cki Dzieci\u0119cej Biblioteki Publicznej m.st. Warszawy \u2013 Biblioteki G\u0142\u00f3wnej Wojew\u00f3dztwa Mazowieckiego<\/a><\/p>\n<p><a href=\"https:\/\/sztetl.org.pl\/\" target=\"_blank\" rel=\"noopener\">Wirtualny Sztetl<\/a><\/p>\n<p><a href=\"http:\/\/al.uw.edu.pl\" target=\"_blank\" rel=\"noopener\">Wydzia\u0142 &#8220;Artes Liberales&#8221; Uniwersytetu Warszawskiego<\/a><\/p>\n<p><a href=\"http:\/\/www.jhi.pl\/\" target=\"_blank\" rel=\"noopener\">\u017bydowski Instytut Historyczny im. Emanuela Ringelbluma<\/a><\/p>\n","protected":false},"excerpt":{"rendered":"<p>Lista przydatnych link\u00f3w: Centrum Literatury Dzieci\u0119cej Miejskiej Biblioteki Publicznej im. \u0141. G\u00f3rnickiego GALERIA KSI\u0104\u017bKI w O\u015bwi\u0119cimiu Muzeum Historii \u017byd\u00f3w Polskich POLIN Muzeum Ksi\u0105\u017cki Dzieci\u0119cej Biblioteki Publicznej m.st. Warszawy \u2013 Biblioteki G\u0142\u00f3wnej Wojew\u00f3dztwa Mazowieckiego Wirtualny Sztetl Wydzia\u0142 &#8220;Artes Liberales&#8221; Uniwersytetu Warszawskiego \u017bydowski Instytut Historyczny im. Emanuela Ringelbluma<\/p>\n","protected":false},"author":1,"featured_media":0,"parent":0,"menu_order":0,"comment_status":"closed","ping_status":"closed","template":"","meta":[],"_links":{"self":[{"href":"https:\/\/oczamidziecka.al.uw.edu.pl\/index.php\/wp-json\/wp\/v2\/pages\/95"}],"collection":[{"href":"https:\/\/oczamidziecka.al.uw.edu.pl\/index.php\/wp-json\/wp\/v2\/pages"}],"about":[{"href":"https:\/\/oczamidziecka.al.uw.edu.pl\/index.php\/wp-json\/wp\/v2\/types\/page"}],"author":[{"embeddable":true,"href":"https:\/\/oczamidziecka.al.uw.edu.pl\/index.php\/wp-json\/wp\/v2\/users\/1"}],"replies":[{"embeddable":true,"href":"https:\/\/oczamidziecka.al.uw.edu.pl\/index.php\/wp-json\/wp\/v2\/comments?post=95"}],"version-history":[{"count":9,"href":"https:\/\/oczamidziecka.al.uw.edu.pl\/index.php\/wp-json\/wp\/v2\/pages\/95\/revisions"}],"predecessor-version":[{"id":548,"href":"https:\/\/oczamidziecka.al.uw.edu.pl\/index.php\/wp-json\/wp\/v2\/pages\/95\/revisions\/548"}],"wp:attachment":[{"href":"https:\/\/oczamidziecka.al.uw.edu.pl\/index.php\/wp-json\/wp\/v2\/media?parent=95"}],"curies":[{"name":"wp","href":"https:\/\/api.w.org\/{rel}","templated":true}]}}