{"id":541,"date":"2019-02-11T18:24:01","date_gmt":"2019-02-11T17:24:01","guid":{"rendered":"https:\/\/oczamidziecka.al.uw.edu.pl\/?page_id=541"},"modified":"2023-12-06T10:07:13","modified_gmt":"2023-12-06T09:07:13","slug":"ada-judytka-i-zaginiony-tales-ada-judytka-and-the-missing-tallit","status":"publish","type":"page","link":"https:\/\/oczamidziecka.al.uw.edu.pl\/index.php\/en\/ada-judytka-i-zaginiony-tales-ada-judytka-and-the-missing-tallit\/","title":{"rendered":"Ada Judytka i zaginiony ta\u0142es [Ada Judytka and the Missing Tallit]"},"content":{"rendered":"\n<div class=\"wp-block-columns has-2-columns\">\n<div class=\"wp-block-column\">\n<h6>Author: Agnieszka Suchowierska<\/h6>\n\n\n\n<h6>Illustrator:&nbsp;Dorota \u0141oskot-Cichocka<\/h6>\n\n\n\n<h6>Year:&nbsp;2017<\/h6>\n\n\n\n<h6>Publisher: Literatura<\/h6>\n\n\n\n<h6>Place of publication: \u0141\u00f3d\u017a<\/h6>\n\n\n\n<h6>Pages: 69<\/h6>\n\n\n\n<h6>ISBN:&nbsp;9788376725321<\/h6>\n<\/div>\n\n\n\n<div class=\"wp-block-column\">\n<div class=\"wp-block-image\"><figure class=\"alignright\"><img loading=\"lazy\" width=\"272\" height=\"354\" src=\"https:\/\/oczamidziecka.al.uw.edu.pl\/wp-content\/uploads\/2019\/05\/img-pub-uploads-product-images-991d95d51dc2be9870e4-ada-judytkajpg-272-385-1509461612-1111331-e1557744068260.jpg\" alt=\"\" class=\"wp-image-1763\"\/><figcaption>Cover courtesy of the publisher. \u00a9Wydawnictwo Literatura<\/figcaption><\/figure><\/div>\n<\/div>\n<\/div>\n\n\n<p class=\"p1\"><span class=\"s1\">The story, set in modern times, narrates the life of a ten-year-old girl Ada Judytka, who lives in <a href=\"https:\/\/sztetl.org.pl\/en\/towns\/b\/397-bialystok\" target=\"_blank\" rel=\"noopener noreferrer\">Bia\u0142ystok<\/a> with her Jewish mother and a father of a different denomination. In her diary, which Ada types on her laptop, she describes certain aspects of Judaism and Jewish culture. Apart from the eponymous <a href=\"https:\/\/sztetl.org.pl\/pl\/slownik\/tales\" target=\"_blank\" rel=\"noopener noreferrer\">tallit<\/a>, she mentions the tongue-twister song <i>Chiribim Chiribom<\/i>, famous Bia\u0142ystok Jews (for example <a href=\"https:\/\/sztetl.org.pl\/pl\/biogramy\/4343-zamenhof-ludwik\" target=\"_blank\" rel=\"noopener noreferrer\">Ludwik Zamenhof<\/a>, the creator of Esperanto), Jewish holidays (the <a href=\"https:\/\/sztetl.org.pl\/en\/glossary\/shabbat\" target=\"_blank\" rel=\"noopener noreferrer\">Shabbat<\/a>, <a href=\"https:\/\/sztetl.org.pl\/en\/glossary\/chanuka\" target=\"_blank\" rel=\"noopener noreferrer\">Hanukkah<\/a>, <a href=\"https:\/\/sztetl.org.pl\/en\/glossary\/rosh-hashanah\" target=\"_blank\" rel=\"noopener noreferrer\">Rosh Hashanah<\/a>, <a href=\"https:\/\/sztetl.org.pl\/en\/glossary\/jom-kipur\" target=\"_blank\" rel=\"noopener noreferrer\">Yom Kippur<\/a>), the Hebrew alphabet, <i>Fiddler on the Roof<\/i>, the <a href=\"https:\/\/sztetl.org.pl\/en\/tradycja-i-kultura-zydowska\/tradycja-i-kuchnia\/chanuka-jak-sie-gra-w-drejdla\" target=\"_blank\" rel=\"noopener noreferrer\">dreidel<\/a>, the <a href=\"https:\/\/sztetl.org.pl\/en\/glossary\/shofar\" target=\"_blank\" rel=\"noopener noreferrer\">shofar<\/a>, and so on. The characters visit <a href=\"https:\/\/www.polin.pl\/en\" target=\"_blank\" rel=\"noopener noreferrer\">POLIN Museum of the History of Polish Jews<\/a>. The culture of Judaism is compared to the beliefs and traditions of Ada\u2019s schoolmates, Orthodox Christian Ksenia and Catholic Kuba. At back of the book, a paper DIY dreidel can be found, as well as a mini-dictionary with a number of ideas referring not only to Judaism and Jewish culture, but also other religions and customs described in the text.<\/span><\/p>\n<p class=\"p1\"><span class=\"s1\">The Holocaust is mentioned as part of an account of Jewish history in Bia\u0142ystok. At the outbreak World War Two, a large Jewish community thrived there. Some of the Jews managed to escape the enemy. As for the ones who stayed, &#8220;the Nazis first locked them up in the Ghetto, and then killed them&#8221; (p. 16). Here, Ada admits that her mother is afraid of revealing her Jewish ancestry precisely because of these past events and her resulting fear of anti-Semitism. This is a remarkable feature in Agnieszka Suchowierska\u2019s text as she emphasizes the continued fear of anti-Semitism looming over the contemporary community of Polish Jews.<\/span><\/p>\n<p>\u00a0<\/p>\n<h6>Bibliography:<\/h6>\n<ul class=\"ul1\">\n<li>Rybak, K.,\u00a0<em>Obrazowanie Zag\u0142ady. Narracje holokaustowe w polskiej literaturze XXI wieku dla dzieci i m\u0142odzie\u017cy<\/em>, Warszawa 2023 (p. 55, 239);<\/li>\n<li class=\"li1\"><span class=\"s2\">Szumal, M., <a href=\"https:\/\/pressto.amu.edu.pl\/index.php\/pi\/article\/view\/19136\/18899\" target=\"_blank\" rel=\"noopener noreferrer\"><span class=\"s3\">Ada Judytka i zaginiony ta\u0142es. <i>Dzieci\u0119cy klucz do wielokulturowego Bia\u0142egostoku<\/i><\/span><\/a>, \u201ePolonistyka. Innowacje&#8221;, no. 9, 2019, pp. 131\u2013140<\/span><span class=\"s2\">.<\/span><\/li>\n<\/ul>","protected":false},"excerpt":{"rendered":"<p>Author: Agnieszka Suchowierska Illustrator:&nbsp;Dorota \u0141oskot-Cichocka Year:&nbsp;2017 Publisher: Literatura Place of publication: \u0141\u00f3d\u017a Pages: 69 ISBN:&nbsp;9788376725321 The story, set in modern times, narrates the life of a ten-year-old girl Ada Judytka, who lives in Bia\u0142ystok with her Jewish mother and a father of a different denomination. In her diary, which Ada types on her laptop, she describes certain aspects of Judaism and Jewish culture. Apart from the eponymous tallit, she mentions the tongue-twister song Chiribim Chiribom, famous Bia\u0142ystok Jews (for example Ludwik Zamenhof, the creator of Esperanto), Jewish holidays (the Shabbat, Hanukkah, Rosh Hashanah, Yom Kippur), the Hebrew alphabet, Fiddler on the Roof, the dreidel, the shofar, and so on. The characters visit POLIN Museum of the History of Polish Jews. The culture of Judaism is compared to the beliefs and traditions of Ada\u2019s schoolmates, Orthodox Christian Ksenia and Catholic Kuba. At back of the book, a paper DIY dreidel can be found, as well as a mini-dictionary with a number of ideas referring not only to Judaism and Jewish culture, but also other religions and customs described in the text. The Holocaust is mentioned as part of an account of Jewish history in Bia\u0142ystok. At the outbreak World War Two, a large Jewish community thrived there. Some of the Jews managed to escape the enemy. As for the ones who stayed, &#8220;the Nazis first locked them up in the Ghetto, and then killed them&#8221; (p. 16). Here, Ada admits that her mother is afraid of revealing her Jewish ancestry precisely because of these past events and her resulting fear of anti-Semitism. This is a remarkable feature in Agnieszka Suchowierska\u2019s text as she emphasizes the continued fear of anti-Semitism looming over the contemporary community of Polish Jews. \u00a0 Bibliography: Rybak, K.,\u00a0Obrazowanie Zag\u0142ady. Narracje holokaustowe w polskiej literaturze XXI wieku dla dzieci i m\u0142odzie\u017cy, Warszawa 2023 (p. 55, 239); Szumal, M., Ada Judytka i zaginiony ta\u0142es. Dzieci\u0119cy klucz do wielokulturowego Bia\u0142egostoku, \u201ePolonistyka. Innowacje&#8221;, no. 9, 2019, pp. 131\u2013140.<\/p>\n","protected":false},"author":1,"featured_media":0,"parent":0,"menu_order":0,"comment_status":"closed","ping_status":"closed","template":"","meta":[],"_links":{"self":[{"href":"https:\/\/oczamidziecka.al.uw.edu.pl\/index.php\/wp-json\/wp\/v2\/pages\/541"}],"collection":[{"href":"https:\/\/oczamidziecka.al.uw.edu.pl\/index.php\/wp-json\/wp\/v2\/pages"}],"about":[{"href":"https:\/\/oczamidziecka.al.uw.edu.pl\/index.php\/wp-json\/wp\/v2\/types\/page"}],"author":[{"embeddable":true,"href":"https:\/\/oczamidziecka.al.uw.edu.pl\/index.php\/wp-json\/wp\/v2\/users\/1"}],"replies":[{"embeddable":true,"href":"https:\/\/oczamidziecka.al.uw.edu.pl\/index.php\/wp-json\/wp\/v2\/comments?post=541"}],"version-history":[{"count":9,"href":"https:\/\/oczamidziecka.al.uw.edu.pl\/index.php\/wp-json\/wp\/v2\/pages\/541\/revisions"}],"predecessor-version":[{"id":3586,"href":"https:\/\/oczamidziecka.al.uw.edu.pl\/index.php\/wp-json\/wp\/v2\/pages\/541\/revisions\/3586"}],"wp:attachment":[{"href":"https:\/\/oczamidziecka.al.uw.edu.pl\/index.php\/wp-json\/wp\/v2\/media?parent=541"}],"curies":[{"name":"wp","href":"https:\/\/api.w.org\/{rel}","templated":true}]}}

Ada Judytka i zaginiony tałes [Ada Judytka and the Missing Tallit]

<div class="wp-block-columns has-2-columns">
<div class="wp-block-column">
<h6>Author: Agnieszka Suchowierska</h6>



<h6>Illustrator:&nbsp;Dorota Łoskot-Cichocka</h6>



<h6>Year:&nbsp;2017</h6>



<h6>Publisher: Literatura</h6>



<h6>Place of publication: Łódź</h6>



<h6>Pages: 69</h6>



<h6>ISBN:&nbsp;9788376725321</h6>
</div>



<div class="wp-block-column">
<div class="wp-block-image"><figure class="alignright"><img loading="lazy" width="272" height="354" src="https://oczamidziecka.al.uw.edu.pl/wp-content/uploads/2019/05/img-pub-uploads-product-images-991d95d51dc2be9870e4-ada-judytkajpg-272-385-1509461612-1111331-e1557744068260.jpg" alt="" class="wp-image-1763"/><figcaption>Cover courtesy of the publisher. ©Wydawnictwo Literatura</figcaption></figure></div>
</div>
</div>


<p class="p1"><span class="s1">The story, set in modern times, narrates the life of a ten-year-old girl Ada Judytka, who lives in <a href="https://sztetl.org.pl/en/towns/b/397-bialystok" target="_blank" rel="noopener noreferrer">Białystok</a> with her Jewish mother and a father of a different denomination. In her diary, which Ada types on her laptop, she describes certain aspects of Judaism and Jewish culture. Apart from the eponymous <a href="https://sztetl.org.pl/pl/slownik/tales" target="_blank" rel="noopener noreferrer">tallit</a>, she mentions the tongue-twister song <i>Chiribim Chiribom</i>, famous Białystok Jews (for example <a href="https://sztetl.org.pl/pl/biogramy/4343-zamenhof-ludwik" target="_blank" rel="noopener noreferrer">Ludwik Zamenhof</a>, the creator of Esperanto), Jewish holidays (the <a href="https://sztetl.org.pl/en/glossary/shabbat" target="_blank" rel="noopener noreferrer">Shabbat</a>, <a href="https://sztetl.org.pl/en/glossary/chanuka" target="_blank" rel="noopener noreferrer">Hanukkah</a>, <a href="https://sztetl.org.pl/en/glossary/rosh-hashanah" target="_blank" rel="noopener noreferrer">Rosh Hashanah</a>, <a href="https://sztetl.org.pl/en/glossary/jom-kipur" target="_blank" rel="noopener noreferrer">Yom Kippur</a>), the Hebrew alphabet, <i>Fiddler on the Roof</i>, the <a href="https://sztetl.org.pl/en/tradycja-i-kultura-zydowska/tradycja-i-kuchnia/chanuka-jak-sie-gra-w-drejdla" target="_blank" rel="noopener noreferrer">dreidel</a>, the <a href="https://sztetl.org.pl/en/glossary/shofar" target="_blank" rel="noopener noreferrer">shofar</a>, and so on. The characters visit <a href="https://www.polin.pl/en" target="_blank" rel="noopener noreferrer">POLIN Museum of the History of Polish Jews</a>. The culture of Judaism is compared to the beliefs and traditions of Ada’s schoolmates, Orthodox Christian Ksenia and Catholic Kuba. At back of the book, a paper DIY dreidel can be found, as well as a mini-dictionary with a number of ideas referring not only to Judaism and Jewish culture, but also other religions and customs described in the text.</span></p>
<p class="p1"><span class="s1">The Holocaust is mentioned as part of an account of Jewish history in Białystok. At the outbreak World War Two, a large Jewish community thrived there. Some of the Jews managed to escape the enemy. As for the ones who stayed, &#8220;the Nazis first locked them up in the Ghetto, and then killed them&#8221; (p. 16). Here, Ada admits that her mother is afraid of revealing her Jewish ancestry precisely because of these past events and her resulting fear of anti-Semitism. This is a remarkable feature in Agnieszka Suchowierska’s text as she emphasizes the continued fear of anti-Semitism looming over the contemporary community of Polish Jews.</span></p>
<p> </p>
<h6>Bibliography:</h6>
<ul class="ul1">
<li>Rybak, K., <em>Obrazowanie Zagłady. Narracje holokaustowe w polskiej literaturze XXI wieku dla dzieci i młodzieży</em>, Warszawa 2023 (p. 55, 239);</li>
<li class="li1"><span class="s2">Szumal, M., <a href="https://pressto.amu.edu.pl/index.php/pi/article/view/19136/18899" target="_blank" rel="noopener noreferrer"><span class="s3">Ada Judytka i zaginiony tałes. <i>Dziecięcy klucz do wielokulturowego Białegostoku</i></span></a>, „Polonistyka. Innowacje&#8221;, no. 9, 2019, pp. 131–140</span><span class="s2">.</span></li>
</ul>

<p>Author: Agnieszka Suchowierska Illustrator:&nbsp;Dorota Łoskot-Cichocka Year:&nbsp;2017 Publisher: Literatura Place of publication: Łódź Pages: 69 ISBN:&nbsp;9788376725321 The story, set in modern times, narrates the life of a ten-year-old girl Ada Judytka, who lives in Białystok with her Jewish mother and a father of a different denomination. In her diary, which Ada types on her laptop, she describes certain aspects of Judaism and Jewish culture. Apart from the eponymous tallit, she mentions the tongue-twister song Chiribim Chiribom, famous Białystok Jews (for example Ludwik Zamenhof, the creator of Esperanto), Jewish holidays (the Shabbat, Hanukkah, Rosh Hashanah, Yom Kippur), the Hebrew alphabet, Fiddler on the Roof, the dreidel, the shofar, and so on. The characters visit POLIN Museum of the History of Polish Jews. The culture of Judaism is compared to the beliefs and traditions of Ada’s schoolmates, Orthodox Christian Ksenia and Catholic Kuba. At back of the book, a paper DIY dreidel can be found, as well as a mini-dictionary with a number of ideas referring not only to Judaism and Jewish culture, but also other religions and customs described in the text. The Holocaust is mentioned as part of an account of Jewish history in Białystok. At the outbreak World War Two, a large Jewish community thrived there. Some of the Jews managed to escape the enemy. As for the ones who stayed, &#8220;the Nazis first locked them up in the Ghetto, and then killed them&#8221; (p. 16). Here, Ada admits that her mother is afraid of revealing her Jewish ancestry precisely because of these past events and her resulting fear of anti-Semitism. This is a remarkable feature in Agnieszka Suchowierska’s text as she emphasizes the continued fear of anti-Semitism looming over the contemporary community of Polish Jews.   Bibliography: Rybak, K., Obrazowanie Zagłady. Narracje holokaustowe w polskiej literaturze XXI wieku dla dzieci i młodzieży, Warszawa 2023 (p. 55, 239); Szumal, M., Ada Judytka i zaginiony tałes. Dziecięcy klucz do wielokulturowego Białegostoku, „Polonistyka. Innowacje&#8221;, no. 9, 2019, pp. 131–140.</p>
