{"id":361,"date":"2019-02-10T13:52:56","date_gmt":"2019-02-10T12:52:56","guid":{"rendered":"https:\/\/oczamidziecka.al.uw.edu.pl\/?page_id=361"},"modified":"2021-08-21T13:43:13","modified_gmt":"2021-08-21T12:43:13","slug":"authors","status":"publish","type":"page","link":"https:\/\/oczamidziecka.al.uw.edu.pl\/index.php\/en\/authors\/","title":{"rendered":"Authors"},"content":{"rendered":"<h6 class=\"p1\"><span class=\"s1\">List of authors included in the catalogue:<\/span><\/h6>\n<p>Gra\u017cyna B\u0105kiewicz<\/p>\n<ul>\n<li><a href=\"https:\/\/oczamidziecka.al.uw.edu.pl\/index.php\/en\/ta-potworna-wojna-that-horrible-war\/\" target=\"_blank\" rel=\"noopener noreferrer\">Ta potworna wojna [That Horrible War]<\/a> (2019)<\/li>\n<\/ul>\n<p>Pawe\u0142 Ber\u0119sewicz (b. 1970)<\/p>\n<ul>\n<li><a href=\"https:\/\/oczamidziecka.al.uw.edu.pl\/index.php\/en\/wszystkie-lajki-marczuka-all-of-marczuks-likes\/\" target=\"_blank\" rel=\"noopener noreferrer\">Wszystkie lajki Marczuka [All of Marczuk&#8217;s Likes]<\/a> (2012)<\/li>\n<\/ul>\n<p class=\"p1\"><span class=\"s1\">Ma\u0142gorzata J. Berwid (b. 1958)<\/span><\/p>\n<ul>\n<li><a href=\"https:\/\/oczamidziecka.al.uw.edu.pl\/index.php\/en\/wojenne-lalki-marysi-marysias-wartime-dolls\/\" target=\"_blank\" rel=\"noopener noreferrer\">Wojenne lalki Marysi [Marysia&#8217;s Wartime Dolls]<\/a> (2019)<\/li>\n<\/ul>\n<p class=\"p1\"><span class=\"s1\">Iwona Chmielewska (b. 1960)<\/span><\/p>\n<ul class=\"ul1\">\n<li class=\"li2\"><span class=\"s1\"><a href=\"https:\/\/oczamidziecka.al.uw.edu.pl\/index.php\/en\/pamietnik-blumki-blumkas-diary\/\" target=\"_blank\" rel=\"noopener noreferrer\">Pami\u0119tnik Blumki [Blumka&#8217;s Diary]<\/a> (2011)<\/span><\/li>\n<\/ul>\n<p class=\"p1\"><span class=\"s1\">Dorota Combrzy\u0144ska-Nogala (b. 1962)<\/span><\/p>\n<ul class=\"ul1\">\n<li class=\"li2\"><span class=\"s1\"><a href=\"https:\/\/oczamidziecka.al.uw.edu.pl\/index.php\/en\/bezsennosc-jutki-jutkas-insomnia\/\" target=\"_blank\" rel=\"noopener noreferrer\">Bezsenno\u015b\u0107 Jutki [Jutka&#8217;s Insomnia]<\/a> (2012)<\/span><\/li>\n<li><a href=\"https:\/\/oczamidziecka.al.uw.edu.pl\/index.php\/en\/wysiedleni-the-displaced\/\" target=\"_blank\" rel=\"noopener noreferrer\">Wysiedleni [The Displaced]<\/a> (2018)<\/li>\n<li><a href=\"https:\/\/oczamidziecka.al.uw.edu.pl\/index.php\/en\/niedokonczona-opowiesc-pepe-pepes-unfinished-story\/\" target=\"_blank\" rel=\"noopener noreferrer\">Niedoko\u0144czona opowie\u015b\u0107 Pepe [Pepe&#8217;s Unfinished Story]<\/a> (2020)<\/li>\n<\/ul>\n<p class=\"p1\"><span class=\"s1\">Anna Czerwi\u0144ska-Rydel (b. 1973)<\/span><\/p>\n<ul class=\"ul1\">\n<li class=\"li2\"><a href=\"https:\/\/oczamidziecka.al.uw.edu.pl\/index.php\/en\/po-drugiej-stronie-okna-opowiesc-o-januszu-korczaku-the-other-side-of-the-window-a-tale-about-janusz-korczak\/\" target=\"_blank\" rel=\"noopener noreferrer\"><span class=\"s1\"><span class=\"s1\">Po drugiej stronie okna. Opowie\u015b\u0107 o Januszu Korczaku [The Other Side of the Window: A Tale about Janusz Korczak]<\/span><\/span><\/a><span class=\"s1\"> (2012)<\/span><\/li>\n<li class=\"li2\"><a href=\"https:\/\/oczamidziecka.al.uw.edu.pl\/index.php\/en\/listy-w-butelce-opowiesc-o-irenie-sendlerowej-lists-in-a-bottle-a-story-about-irena-sendler\/\" target=\"_blank\" rel=\"noopener noreferrer\"><span class=\"s1\"><span class=\"s1\">Listy w butelce. Opowie\u015b\u0107 o Irenie Sendlerowej [<\/span><\/span>Lists in a Bottle: A Story about Irena Sendler]\u00a0<\/a>(2018)<\/li>\n<\/ul>\n<p class=\"p1\"><span class=\"s1\">Bat-Sheva Dagan (b. 1925)<\/span><\/p>\n<ul>\n<li class=\"p1\"><a href=\"https:\/\/oczamidziecka.al.uw.edu.pl\/index.php\/en\/co-wydarzylo-sie-w-czasie-zaglady-opowiesc-rymowana-dla-dzieci-ktore-chca-wiedziec-what-happened-in-the-shoah\/\" target=\"_blank\" rel=\"noopener noreferrer\"><span class=\"s1\">Co wydarzy\u0142o si\u0119 w czasie Zag\u0142ady. Opowie\u015b\u0107 rymowana dla dzieci, kt\u00f3re chc\u0105 wiedzie\u0107 [\u05de\u05d4 \u05e7\u05e8\u05d4 \u05d1\u05e9\u05d5\u05d0\u05d4: \u05e1\u05e4\u05d5\u05e8 \u05d1\u05d7\u05e8\u05d5\u05d6\u05d9\u05dd \u05dc\u05d9\u05dc\u05d3\u05d9\u05dd \u05d4\u05e8\u05d5\u05e6\u05d9\u05dd \u05dc\u05d3\u05e2\u05ea \/ What happened in the Shoah? A story in rhyme for children who wish to know]<\/span><\/a> (2012) [1991]<\/li>\n<li class=\"p1\"><a href=\"https:\/\/oczamidziecka.al.uw.edu.pl\/index.php\/en\/czika-piesek-w-getcie-chika-the-dog-in-the-ghetto\/\" target=\"_blank\" rel=\"noopener noreferrer\"><span class=\"s1\">Czika, piesek w getcie [\u05e6&#8217;\u05d9\u05e7\u05d4, \u05d4\u05db\u05dc\u05d1\u05d4 \u05d1\u05d2\u05d9\u05d8\u05d5 \/ Chika, the Dog in the Ghetto] <\/span><\/a>(2012) [1992]<\/li>\n<li><a href=\"https:\/\/oczamidziecka.al.uw.edu.pl\/index.php\/en\/gdyby-gwiazdy-mogly-mowic-if-the-stars-could-only-speak\/\" target=\"_blank\" rel=\"noopener noreferrer\">Gdyby gwiazdy mog\u0142y m\u00f3wi\u0107 [\u05dc\u05d5 \u05db\u05d5\u05db\u05d1\u05d9\u05dd \u05d9\u05d3\u05e2\u05d5 \u05dc\u05d3\u05d1\u05e8 \/ If the Stars Could Only Speak]<\/a> (2012) [2000]<\/li>\n<\/ul>\n<p>Anna Dziewit-Meller (b. 1981)<\/p>\n<ul>\n<li class=\"p1\"><span class=\"s1\"><a href=\"https:\/\/oczamidziecka.al.uw.edu.pl\/index.php\/en\/damy-dziewuchy-dziewczyny-historia-w-spodnicy-ladies-lasses-and-girls-history-in-a-skirt\/\" target=\"_blank\" rel=\"noopener noreferrer\">Damy, dziewuchy, dziewczyny. Historia w sp\u00f3dnicy [Ladies, lasses and girls. History in a skirt]<\/a> (2017)<\/span><\/li>\n<\/ul>\n<p>Joanna Fabicka (b. 1970)<\/p>\n<ul>\n<li><a href=\"https:\/\/oczamidziecka.al.uw.edu.pl\/index.php\/en\/rutka-2\/\" target=\"_blank\" rel=\"noopener noreferrer\">Rutka<\/a> (2016)<\/li>\n<\/ul>\n<p class=\"p1\"><span class=\"s1\">Ant\u00f3n Fortes (b. 1957), Joanna Concejo (b. 1971)<\/span><\/p>\n<ul>\n<li><a href=\"https:\/\/oczamidziecka.al.uw.edu.pl\/index.php\/en\/fume-smoke\/\" target=\"_blank\" rel=\"noopener noreferrer\">Dym [Fume \/ Smoke]<\/a> (2011) [2008]<\/li>\n<\/ul>\n<p>Karolina Grabarczyk<\/p>\n<ul>\n<li><a href=\"https:\/\/oczamidziecka.al.uw.edu.pl\/index.php\/en\/i-ty-mozesz-zmienic-swiat-42-inspirujace-historie-o-niezwyklych-dzieciach-you-too-can-change-the-world-42-inspiring-stories-about-extraordinary-children\/\" target=\"_blank\" rel=\"noopener noreferrer\">I ty mo\u017cesz zmieni\u0107 \u015bwiat. 42 inspiruj\u0105ce historie o niezwyk\u0142ych dzieciach [You Too Can Change the World: 42 Inspiring Stories about Extraordinary Children]<\/a> (2019)<\/li>\n<\/ul>\n<p class=\"p1\"><span class=\"s1\">Andrzej Marek Grabowski (b. 1956)<\/span><\/p>\n<ul class=\"ul1\">\n<li class=\"li2\"><a href=\"https:\/\/oczamidziecka.al.uw.edu.pl\/index.php\/en\/wojna-na-pieknym-brzegu-war-at-the-beautiful-riverbank\/\" target=\"_blank\" rel=\"noopener noreferrer\"><span class=\"s1\">Wojna na pi\u0119knym brzegu [<\/span>War at the Beautiful Riverbank]<\/a> (2014)<\/li>\n<\/ul>\n<p class=\"p1\"><span class=\"s1\">Ryszard Marek Gro\u0144ski (1939\u20132018)<\/span><\/p>\n<ul class=\"ul1\">\n<li class=\"li2\"><span class=\"s1\"><a href=\"https:\/\/oczamidziecka.al.uw.edu.pl\/index.php\/en\/schlemiel\/\" target=\"_blank\" rel=\"noopener noreferrer\">Szlemiel [Schlemiel]<\/a> (2010)<\/span><\/li>\n<\/ul>\n<p class=\"p1\"><span class=\"s1\">Cezary Harasimowicz (b. 1955)<\/span><\/p>\n<ul>\n<li><a href=\"https:\/\/oczamidziecka.al.uw.edu.pl\/index.php\/en\/mirabelle\/\" target=\"_blank\" rel=\"noopener noreferrer\">Mirabelka [Mirabelle]<\/a> (2018)<\/li>\n<\/ul>\n<p class=\"p1\"><span class=\"s1\">Adam Jaromir (b. 1971), Gabriela Cichowska (b. 1984)<\/span><\/p>\n<ul class=\"ul1\">\n<li class=\"li2\"><a href=\"https:\/\/oczamidziecka.al.uw.edu.pl\/index.php\/en\/ostatnie-przedstawienie-panny-esterki-opowiesc-z-getta-warszawskiego-miss-esterkas-last-show-a-tale-from-the-warsaw-ghetto\/\" target=\"_blank\" rel=\"noopener noreferrer\"><span class=\"s1\"><span class=\"s1\">Ostatnie przedstawienie panny Esterki. Opowie\u015b\u0107 z getta warszawskiego [Miss Esterka\u2019s Last Show: A Tale from the Warsaw Ghetto]<\/span><\/span><\/a><span class=\"s1\"> (2014)<\/span><\/li>\n<\/ul>\n<p>Aleksandra Jonas, Karolina Ko\u0142odziej, Maciej Kronenberg<\/p>\n<ul>\n<li><a href=\"https:\/\/oczamidziecka.al.uw.edu.pl\/index.php\/en\/spacerkiem-po-lodzi-przewodnik-dla-dzieci-a-stroll-through-lodz-a-guidebook-for-children\/\" target=\"_blank\" rel=\"noopener noreferrer\">Spacerkiem po \u0141odzi. Przewodnik dla dzieci [A Stroll Through \u0141\u00f3d\u017a. A Guidebook for Children]<\/a> (2013)<\/li>\n<\/ul>\n<p>Marta J\u00f3zefczyk<\/p>\n<ul>\n<li><a href=\"https:\/\/oczamidziecka.al.uw.edu.pl\/index.php\/en\/nasz-azyl-our-sanctuary\/\" target=\"_blank\" rel=\"noopener noreferrer\">Nasz azyl [Our Sanctuary]<\/a> (2020)<\/li>\n<\/ul>\n<p>Roman Kent (b. 1929)<\/p>\n<ul>\n<li><a href=\"https:\/\/oczamidziecka.al.uw.edu.pl\/index.php\/en\/moj-pies-lala-my-dog-lala-2\/\" target=\"_blank\" rel=\"noopener noreferrer\">M\u00f3j pies Lala [My dog Lala]<\/a> (2015) [2006]<\/li>\n<\/ul>\n<p class=\"p1\"><span class=\"s1\">Irena Landau (b. 1932)<\/span><\/p>\n<ul class=\"ul1\">\n<li class=\"li2\"><a href=\"https:\/\/oczamidziecka.al.uw.edu.pl\/index.php\/en\/ostatnie-pietro-the-top-floor\/\" target=\"_blank\" rel=\"noopener noreferrer\"><span class=\"s1\"><span class=\"s1\">Ostatnie pi\u0119tro [<\/span><\/span>The Top Floor]<\/a> (2015)<\/li>\n<\/ul>\n<p>Adam Michejda (b. 1973)<\/p>\n<ul>\n<li><a href=\"https:\/\/oczamidziecka.al.uw.edu.pl\/index.php\/en\/skarb-getta-the-treasure-of-the-ghetto\/\" target=\"_blank\" rel=\"noopener noreferrer\">Skarb getta [The Treasure of the Ghetto]<\/a> (2019)<\/li>\n<\/ul>\n<p class=\"p1\"><span class=\"s1\">Ewa Nowak (b. 1966)<\/span><\/p>\n<ul class=\"ul1\">\n<li class=\"li2\"><a href=\"https:\/\/oczamidziecka.al.uw.edu.pl\/index.php\/en\/kto-uratowal-jedno-zycie-historia-ireny-sendlerowej-who-saved-one-life-the-story-of-irena-sendler\/\" target=\"_blank\" rel=\"noopener noreferrer\"><span class=\"s1\"><span class=\"s1\">Kto uratowa\u0142 jedno \u017cycie\u2026 Historia Ireny Sendlerowej [<\/span><\/span>Who Saved One Life\u2026 The Story of Irena Sendler]<\/a> (2018)<\/li>\n<\/ul>\n<p class=\"p1\"><span class=\"s1\">Ula Orli\u0144ska-Frymus (b. 1982)<\/span><\/p>\n<ul>\n<li class=\"p1\"><span class=\"s1\"><a href=\"https:\/\/oczamidziecka.al.uw.edu.pl\/index.php\/en\/dziadko-gramps-powiastka-autobiograficzna-autobiographical-tale\/\" target=\"_blank\" rel=\"noopener noreferrer\">Dziadko [Gramps]: Powiastka autobiograficzna \/ Autobiographical Tale<\/a>\u00a0(2018)<\/span><\/li>\n<\/ul>\n<p class=\"p1\"><span class=\"s1\">Beata Ostrowicka (b. 1966)<\/span><\/p>\n<ul class=\"ul1\">\n<li class=\"li2\"><span class=\"s1\"><span class=\"s1\"><a href=\"https:\/\/oczamidziecka.al.uw.edu.pl\/index.php\/en\/jest-taka-historia-opowiesc-o-januszu-korczaku-there-is-this-story-a-tale-of-janusz-korczak\/\" target=\"_blank\" rel=\"noopener noreferrer\">Jest taka historia. Opowie\u015b\u0107 o Januszu Korczaku [There Is This Story. A Tale of Janusz Korczak]<\/a>\u00a0<\/span><\/span><span class=\"s1\">(2012)<\/span><\/li>\n<li><a href=\"https:\/\/oczamidziecka.al.uw.edu.pl\/index.php\/en\/irena-sendlerowa-magiczny-koralik-irena-sendler-the-magical-bead\/\" target=\"_blank\" rel=\"noopener noreferrer\">Irena Sendlerowa. Magiczny koralik [Irena Sendler: The Magical Bead]<\/a> (2018)<\/li>\n<\/ul>\n<p class=\"p1\"><span class=\"s1\">Joanna Papuzi\u0144ska (b. 1939)<\/span><\/p>\n<ul>\n<li class=\"p1\"><span class=\"s1\"><a href=\"https:\/\/oczamidziecka.al.uw.edu.pl\/index.php\/en\/darowane-kreski-the-end-of-the-game\/\" target=\"_blank\" rel=\"noopener noreferrer\">Darowane kreski [The End of the Game]<\/a> (1994)<\/span><\/li>\n<\/ul>\n<p>Andrzej Perepeczko (b. 1930)<\/p>\n<ul>\n<li><a href=\"https:\/\/oczamidziecka.al.uw.edu.pl\/index.php\/en\/jedrus-chlopak-ze-lwowa-jedrus-a-boy-from-lviv\/\" target=\"_blank\" rel=\"noopener noreferrer\">J\u0119dru\u015b, ch\u0142opak ze Lwowa [J\u0119dru\u015b, a Boy from Lviv]<\/a> (2019)<\/li>\n<\/ul>\n<p class=\"p1\"><span class=\"s1\">Renata Pi\u0105tkowska (b.\u00a01958)<\/span><\/p>\n<ul class=\"ul1\">\n<li class=\"li2\"><a href=\"https:\/\/oczamidziecka.al.uw.edu.pl\/index.php\/en\/wszystkie-moje-mamy-all-of-my-mums\/\" target=\"_blank\" rel=\"noopener noreferrer\"><span class=\"s1\"><span class=\"s1\">Wszystkie moje mamy [<\/span><\/span>All of My Mums]<\/a> (2013)<\/li>\n<\/ul>\n<p class=\"p1\"><span class=\"s1\">Joanna Rudnia\u0144ska (b. 1948)<\/span><\/p>\n<ul class=\"ul1\">\n<li class=\"li2\"><span class=\"s1\"><a href=\"https:\/\/oczamidziecka.al.uw.edu.pl\/index.php\/en\/kotka-brygidy-brygidas-kitten\/\" target=\"_blank\" rel=\"noopener noreferrer\">Kotka Brygidy [Brygida&#8217;s Kitten]<\/a> (2007)<\/span><\/li>\n<li class=\"li2\"><span class=\"s1\"><a href=\"https:\/\/oczamidziecka.al.uw.edu.pl\/index.php\/en\/xy-2\/\" target=\"_blank\" rel=\"noopener noreferrer\">XY<\/a> (2012)<\/span><\/li>\n<\/ul>\n<p>Micha\u0142 Rusinek (b. 1972), Ola Cie\u015blak (b. 1981)<\/p>\n<ul>\n<li><a href=\"https:\/\/oczamidziecka.al.uw.edu.pl\/index.php\/en\/powieki-eyelids\/\" target=\"_blank\" rel=\"noopener noreferrer\">Powieki. Bajka dedykowana pami\u0119ci Janusza Korczaka [Eyelids. A Tale Dedicated to the Memory of Janusz Korczak]<\/a> (2012)<\/li>\n<\/ul>\n<p class=\"p1\"><span class=\"s1\">Katarzyna Ryrych (b. 1959)<\/span><\/p>\n<ul class=\"ul1\">\n<li class=\"li2\"><a href=\"https:\/\/oczamidziecka.al.uw.edu.pl\/index.php\/en\/bombka-babci-zilbersztajn-grandma-zilbersztajns-christmas-bauble\/\" target=\"_blank\" rel=\"noopener noreferrer\"><span class=\"s1\"><span class=\"s1\">Bombka babci Zilbersztajn [Grandma Zilbersztajn\u2019s Christmas Bauble]<\/span><\/span><\/a><span class=\"s1\"> (2018)<\/span><\/li>\n<li><a href=\"https:\/\/oczamidziecka.al.uw.edu.pl\/index.php\/en\/pan-apoteker-mr-apoteker\/\" target=\"_blank\" rel=\"noopener noreferrer\">Pan Apoteker [Mr. Apoteker]<\/a> (2018)<\/li>\n<li><a href=\"https:\/\/oczamidziecka.al.uw.edu.pl\/index.php\/en\/mala-wojna-the-little-war\/\" target=\"_blank\" rel=\"noopener noreferrer\">Ma\u0142a wojna [The Little War]<\/a> (2019)<\/li>\n<\/ul>\n<p>Krystyna Siesicka (1928\u20132015)<\/p>\n<ul>\n<li><a href=\"https:\/\/oczamidziecka.al.uw.edu.pl\/index.php\/en\/nie-ma-z-kim-tanczyc-erotyk-dla-panienek-z-dobrych-domow-no-one-to-dance-with-a-love-story-for-girls-from-good-families\/\" target=\"_blank\" rel=\"noopener noreferrer\">&#8230;Nie ma z kim ta\u0144czy\u0107&#8230; Erotyk dla panienek z dobrych dom\u00f3w [&#8230;No One to Dance With: A Love Story for Girls from Good Families]<\/a> (2001)<\/li>\n<\/ul>\n<p>Krzysztof Str\u0119cioch (b. 1991)<\/p>\n<ul>\n<li><a href=\"https:\/\/oczamidziecka.al.uw.edu.pl\/index.php\/en\/dom-cioci-lusi-aunt-lusias-home\/\" target=\"_blank\" rel=\"noopener noreferrer\">Dom cioci Lusi [Aunt Lusia&#8217;s Home]<\/a> (2018)<\/li>\n<\/ul>\n<p class=\"p1\"><span class=\"s1\">Agnieszka Suchowierska<\/span><\/p>\n<ul class=\"ul1\">\n<li class=\"li2\"><a href=\"https:\/\/oczamidziecka.al.uw.edu.pl\/index.php\/en\/ada-judytka-i-zaginiony-tales-ada-judytka-and-the-missing-tallit\/\" target=\"_blank\" rel=\"noopener noreferrer\"><span class=\"s1\"><span class=\"s1\">Ada Judytka i zaginiony ta\u0142es [<\/span><\/span>Ada Judytka and the Missing Tallit]<\/a> (2017)<\/li>\n<\/ul>\n<p class=\"p1\"><span class=\"s1\">Marcin Szczygielski (b. 1972)<\/span><\/p>\n<ul class=\"ul1\">\n<li class=\"li2\"><a href=\"https:\/\/oczamidziecka.al.uw.edu.pl\/index.php\/en\/arka-czasu-czyli-wielka-ucieczka-rafala-od-kiedys-przez-wtedy-do-teraz-i-wstecz-the-ark-of-time-or-rafals-great-escape-from-once-through-then-until-now-and-back\/\" target=\"_blank\" rel=\"noopener noreferrer\"><span class=\"s1\">Arka czasu, czyli wielka ucieczka Rafa\u0142a od kiedy\u015b przez wtedy do teraz i wstecz [The Ark of Time, or Rafa\u0142\u2019s Great Escape from Once Through Then Until Now and Back]<\/span><\/a><span class=\"s1\"> (2013)<\/span><\/li>\n<\/ul>\n<p class=\"p1\"><span class=\"s1\">Nadia Terranova (b. 1978)<\/span><\/p>\n<ul>\n<li><a href=\"https:\/\/oczamidziecka.al.uw.edu.pl\/index.php\/en\/bruno-chlopiec-ktory-nauczyl-sie-latac-bruno-il-bambino-che-imparo-a-volare-bruno-the-boy-who-learnt-how-to-fly\/\" target=\"_blank\" rel=\"noopener noreferrer\">Bruno. Ch\u0142opiec, kt\u00f3ry nauczy\u0142 si\u0119 lata\u0107 [Bruno. Il bambino che impar\u00f2 a volare \/ Bruno: The Boy Who Learnt How to Fly]<\/a> (2016) [2012]<\/li>\n<\/ul>\n<p class=\"p1\"><span class=\"s1\">Agata Tuszy\u0144ska (b. 1957), Iwona Chmielewska (b. 1960)<\/span><\/p>\n<ul>\n<li><a href=\"https:\/\/oczamidziecka.al.uw.edu.pl\/index.php\/en\/mama-zawsze-wraca-mom-always-comes-back\/\" target=\"_blank\" rel=\"noopener noreferrer\">Mama zawsze wraca [Mom Always Comes Back]<\/a>\u00a0(2020)<\/li>\n<\/ul>\n<p class=\"p1\"><span class=\"s1\">Tomi Ungerer (1931\u20132019)<\/span><\/p>\n<ul>\n<li><a href=\"https:\/\/oczamidziecka.al.uw.edu.pl\/index.php\/en\/otto-autobiografia-pluszowego-misia-otto-the-autobiography-of-a-teddy-bear\/\" target=\"_blank\" rel=\"noopener noreferrer\"><span class=\"s1\">Otto. Autobiografia pluszowego misia [Otto: The Autobiography of a Teddy Bear]<\/span><\/a> (2011) [1999]<\/li>\n<\/ul>\n","protected":false},"excerpt":{"rendered":"<p>List of authors included in the catalogue: Gra\u017cyna B\u0105kiewicz Ta potworna wojna [That Horrible War] (2019) Pawe\u0142 Ber\u0119sewicz (b. 1970) Wszystkie lajki Marczuka [All of Marczuk&#8217;s Likes] (2012) Ma\u0142gorzata J. Berwid (b. 1958) Wojenne lalki Marysi [Marysia&#8217;s Wartime Dolls] (2019) Iwona Chmielewska (b. 1960) Pami\u0119tnik Blumki [Blumka&#8217;s Diary] (2011) Dorota Combrzy\u0144ska-Nogala (b. 1962) Bezsenno\u015b\u0107 Jutki [Jutka&#8217;s Insomnia] (2012) Wysiedleni [The Displaced] (2018) Niedoko\u0144czona opowie\u015b\u0107 Pepe [Pepe&#8217;s Unfinished Story] (2020) Anna Czerwi\u0144ska-Rydel (b. 1973) Po drugiej stronie okna. Opowie\u015b\u0107 o Januszu Korczaku [The Other Side of the Window: A Tale about Janusz Korczak] (2012) Listy w butelce. Opowie\u015b\u0107 o Irenie Sendlerowej [Lists in a Bottle: A Story about Irena Sendler]\u00a0(2018) Bat-Sheva Dagan (b. 1925) Co wydarzy\u0142o si\u0119 w czasie Zag\u0142ady. Opowie\u015b\u0107 rymowana dla dzieci, kt\u00f3re chc\u0105 wiedzie\u0107 [\u05de\u05d4 \u05e7\u05e8\u05d4 \u05d1\u05e9\u05d5\u05d0\u05d4: \u05e1\u05e4\u05d5\u05e8 \u05d1\u05d7\u05e8\u05d5\u05d6\u05d9\u05dd \u05dc\u05d9\u05dc\u05d3\u05d9\u05dd \u05d4\u05e8\u05d5\u05e6\u05d9\u05dd \u05dc\u05d3\u05e2\u05ea \/ What happened in the Shoah? A story in rhyme for children who wish to know] (2012) [1991] Czika, piesek w getcie [\u05e6&#8217;\u05d9\u05e7\u05d4, \u05d4\u05db\u05dc\u05d1\u05d4 \u05d1\u05d2\u05d9\u05d8\u05d5 \/ Chika, the Dog in the Ghetto] (2012) [1992] Gdyby gwiazdy mog\u0142y m\u00f3wi\u0107 [\u05dc\u05d5 \u05db\u05d5\u05db\u05d1\u05d9\u05dd \u05d9\u05d3\u05e2\u05d5 \u05dc\u05d3\u05d1\u05e8 \/ If the Stars Could Only Speak] (2012) [2000] Anna Dziewit-Meller (b. 1981) Damy, dziewuchy, dziewczyny. Historia w sp\u00f3dnicy [Ladies, lasses and girls. History in a skirt] (2017) Joanna Fabicka (b. 1970) Rutka (2016) Ant\u00f3n Fortes (b. 1957), Joanna Concejo (b. 1971) Dym [Fume \/ Smoke] (2011) [2008] Karolina Grabarczyk I ty mo\u017cesz zmieni\u0107 \u015bwiat. 42 inspiruj\u0105ce historie o niezwyk\u0142ych dzieciach [You Too Can Change the World: 42 Inspiring Stories about Extraordinary Children] (2019) Andrzej Marek Grabowski (b. 1956) Wojna na pi\u0119knym brzegu [War at the Beautiful Riverbank] (2014) Ryszard Marek Gro\u0144ski (1939\u20132018) Szlemiel [Schlemiel] (2010) Cezary Harasimowicz (b. 1955) Mirabelka [Mirabelle] (2018) Adam Jaromir (b. 1971), Gabriela Cichowska (b. 1984) Ostatnie przedstawienie panny Esterki. Opowie\u015b\u0107 z getta warszawskiego [Miss Esterka\u2019s Last Show: A Tale from the Warsaw Ghetto] (2014) Aleksandra Jonas, Karolina Ko\u0142odziej, Maciej Kronenberg Spacerkiem po \u0141odzi. Przewodnik dla dzieci [A Stroll Through \u0141\u00f3d\u017a. A Guidebook for Children] (2013) Marta J\u00f3zefczyk Nasz azyl [Our Sanctuary] (2020) Roman Kent (b. 1929) M\u00f3j pies Lala [My dog Lala] (2015) [2006] Irena Landau (b. 1932) Ostatnie pi\u0119tro [The Top Floor] (2015) Adam Michejda (b. 1973) Skarb getta [The Treasure of the Ghetto] (2019) Ewa Nowak (b. 1966) Kto uratowa\u0142 jedno \u017cycie\u2026 Historia Ireny Sendlerowej [Who Saved One Life\u2026 The Story of Irena Sendler] (2018) Ula Orli\u0144ska-Frymus (b. 1982) Dziadko [Gramps]: Powiastka autobiograficzna \/ Autobiographical Tale\u00a0(2018) Beata Ostrowicka (b. 1966) Jest taka historia. Opowie\u015b\u0107 o Januszu Korczaku [There Is This Story. A Tale of Janusz Korczak]\u00a0(2012) Irena Sendlerowa. Magiczny koralik [Irena Sendler: The Magical Bead] (2018) Joanna Papuzi\u0144ska (b. 1939) Darowane kreski [The End of the Game] (1994) Andrzej Perepeczko (b. 1930) J\u0119dru\u015b, ch\u0142opak ze Lwowa [J\u0119dru\u015b, a Boy from Lviv] (2019) Renata Pi\u0105tkowska (b.\u00a01958) Wszystkie moje mamy [All of My Mums] (2013) Joanna Rudnia\u0144ska (b. 1948) Kotka Brygidy [Brygida&#8217;s Kitten] (2007) XY (2012) Micha\u0142 Rusinek (b. 1972), Ola Cie\u015blak (b. 1981) Powieki. Bajka dedykowana pami\u0119ci Janusza Korczaka [Eyelids. A Tale Dedicated to the Memory of Janusz Korczak] (2012) Katarzyna Ryrych (b. 1959) Bombka babci Zilbersztajn [Grandma Zilbersztajn\u2019s Christmas Bauble] (2018) Pan Apoteker [Mr. Apoteker] (2018) Ma\u0142a wojna [The Little War] (2019) Krystyna Siesicka (1928\u20132015) &#8230;Nie ma z kim ta\u0144czy\u0107&#8230; Erotyk dla panienek z dobrych dom\u00f3w [&#8230;No One to Dance With: A Love Story for Girls from Good Families] (2001) Krzysztof Str\u0119cioch (b. 1991) Dom cioci Lusi [Aunt Lusia&#8217;s Home] (2018) Agnieszka Suchowierska Ada Judytka i zaginiony ta\u0142es [Ada Judytka and the Missing Tallit] (2017) Marcin Szczygielski (b. 1972) Arka czasu, czyli wielka ucieczka Rafa\u0142a od kiedy\u015b przez wtedy do teraz i wstecz [The Ark of Time, or Rafa\u0142\u2019s Great Escape from Once Through Then Until Now and Back] (2013) Nadia Terranova (b. 1978) Bruno. Ch\u0142opiec, kt\u00f3ry nauczy\u0142 si\u0119 lata\u0107 [Bruno. Il bambino che impar\u00f2 a volare \/ Bruno: The Boy Who Learnt How to Fly] (2016) [2012] Agata Tuszy\u0144ska (b. 1957), Iwona Chmielewska (b. 1960) Mama zawsze wraca [Mom Always Comes Back]\u00a0(2020) Tomi Ungerer (1931\u20132019) Otto. Autobiografia pluszowego misia [Otto: The Autobiography of a Teddy Bear] (2011) [1999]<\/p>\n","protected":false},"author":1,"featured_media":0,"parent":0,"menu_order":0,"comment_status":"closed","ping_status":"closed","template":"","meta":[],"_links":{"self":[{"href":"https:\/\/oczamidziecka.al.uw.edu.pl\/index.php\/wp-json\/wp\/v2\/pages\/361"}],"collection":[{"href":"https:\/\/oczamidziecka.al.uw.edu.pl\/index.php\/wp-json\/wp\/v2\/pages"}],"about":[{"href":"https:\/\/oczamidziecka.al.uw.edu.pl\/index.php\/wp-json\/wp\/v2\/types\/page"}],"author":[{"embeddable":true,"href":"https:\/\/oczamidziecka.al.uw.edu.pl\/index.php\/wp-json\/wp\/v2\/users\/1"}],"replies":[{"embeddable":true,"href":"https:\/\/oczamidziecka.al.uw.edu.pl\/index.php\/wp-json\/wp\/v2\/comments?post=361"}],"version-history":[{"count":75,"href":"https:\/\/oczamidziecka.al.uw.edu.pl\/index.php\/wp-json\/wp\/v2\/pages\/361\/revisions"}],"predecessor-version":[{"id":3536,"href":"https:\/\/oczamidziecka.al.uw.edu.pl\/index.php\/wp-json\/wp\/v2\/pages\/361\/revisions\/3536"}],"wp:attachment":[{"href":"https:\/\/oczamidziecka.al.uw.edu.pl\/index.php\/wp-json\/wp\/v2\/media?parent=361"}],"curies":[{"name":"wp","href":"https:\/\/api.w.org\/{rel}","templated":true}]}}