{"id":2880,"date":"2021-04-25T12:46:55","date_gmt":"2021-04-25T11:46:55","guid":{"rendered":"https:\/\/oczamidziecka.al.uw.edu.pl\/?page_id=2880"},"modified":"2021-04-26T13:02:45","modified_gmt":"2021-04-26T12:02:45","slug":"nie-ma-z-kim-tanczyc-erotyk-dla-panienek-z-dobrych-domow","status":"publish","type":"page","link":"https:\/\/oczamidziecka.al.uw.edu.pl\/index.php\/nie-ma-z-kim-tanczyc-erotyk-dla-panienek-z-dobrych-domow\/","title":{"rendered":"\u2026nie ma z kim ta\u0144czy\u0107\u2026 Erotyk dla panienek z dobrych dom\u00f3w"},"content":{"rendered":"\n<div class=\"wp-block-columns has-2-columns\">\n<div class=\"wp-block-column\">\n<h6>Autor: Krystyna Siesicka<\/h6>\n\n\n\n<h6>Rok wydania: 2000<\/h6>\n\n\n\n<h6>Wydawnictwo: Akapit Press<\/h6>\n\n\n\n<h6>Miejsce wydania: \u0141\u00f3d\u017a<\/h6>\n\n\n\n<h6>Liczba stron: 188<\/h6>\n\n\n\n<h6>ISBN: 8387463787<\/h6>\n\n\n\n<h6>Uwagi: Drugie wydanie w roku 2009 (K. Siesicka,&nbsp;<em>&#8230;nie ma z kim ta\u0144czy\u0107&#8230;<\/em>, \u0141\u00f3d\u017a: Akapit Press, 2009, s. 187, ISBN:&nbsp;9788360773871).<\/h6>\n\n\n\n<p><\/p>\n<\/div>\n\n\n\n<div class=\"wp-block-column\">\n<ul class=\"wp-block-gallery alignright columns-1 is-cropped\"><li class=\"blocks-gallery-item\"><figure><img loading=\"lazy\" width=\"312\" height=\"447\" src=\"https:\/\/oczamidziecka.al.uw.edu.pl\/wp-content\/uploads\/2021\/04\/siesicka-1991.jpeg\" alt=\"\" data-id=\"3054\" data-link=\"https:\/\/oczamidziecka.al.uw.edu.pl\/siesicka-1991\/\" class=\"wp-image-3054\" srcset=\"https:\/\/oczamidziecka.al.uw.edu.pl\/wp-content\/uploads\/2021\/04\/siesicka-1991.jpeg 312w, https:\/\/oczamidziecka.al.uw.edu.pl\/wp-content\/uploads\/2021\/04\/siesicka-1991-209x300.jpeg 209w\" sizes=\"(max-width: 312px) 100vw, 312px\" \/><figcaption>Wykorzystanie ok\u0142adki z reprodukcj\u0105 &#8220;Portretu Jeanne Samary&#8221; Auguste&#8217;a Renoira za zgod\u0105 wydawcy. \u00a9Krystyna Siesicka<\/figcaption><\/figure><\/li><li class=\"blocks-gallery-item\"><figure><img loading=\"lazy\" width=\"345\" height=\"493\" src=\"https:\/\/oczamidziecka.al.uw.edu.pl\/wp-content\/uploads\/2021\/04\/siesicka-2003.jpg\" alt=\"\" data-id=\"3055\" data-link=\"https:\/\/oczamidziecka.al.uw.edu.pl\/siesicka-2003\/\" class=\"wp-image-3055\" srcset=\"https:\/\/oczamidziecka.al.uw.edu.pl\/wp-content\/uploads\/2021\/04\/siesicka-2003.jpg 345w, https:\/\/oczamidziecka.al.uw.edu.pl\/wp-content\/uploads\/2021\/04\/siesicka-2003-210x300.jpg 210w\" sizes=\"(max-width: 345px) 100vw, 345px\" \/><figcaption>Wykorzystanie ok\u0142adki z reprodukcj\u0105 &#8220;Narodzin \u017cycia&#8221; Jacka Yerki za zgod\u0105 wydawcy. \u00a9Krystyna Siesicka<\/figcaption><\/figure><\/li><\/ul>\n<\/div>\n<\/div>\n\n\n<p>Wsp\u00f3\u0142czesna opowie\u015b\u0107 o trzech kobietach, reprezentuj\u0105cych trzy pokolenia: Zosi, jej matce Weronice oraz najstarszej z nich, ciotce Irenie. Ka\u017cda z bohaterek \u017cyje niejako w swoim \u015bwiecie, cho\u0107 \u0142\u0105cz\u0105 je rodzinna przesz\u0142o\u015b\u0107 oraz historia polskich \u017byd\u00f3w. Pami\u0119taj\u0105ca mi\u0119dzywojnie i drug\u0105 wojn\u0119 \u015bwiatow\u0105 Irena, dzi\u0119ki odnalezionemu pami\u0119tnikowi, wraca pami\u0119ci\u0105 do dramatycznych wydarze\u0144 okupacyjnych, a tak\u017ce przymusowej emigracji mieszkaj\u0105cych w Polsce \u017byd\u00f3w spowodowanej antysemickimi dzia\u0142aniami w\u0142adz komunistycznych (1968).<\/p>\n<p>W warstw\u0119 wsp\u00f3\u0142czesn\u0105 wplecione zostaj\u0105 fragmenty fikcyjnego pami\u0119tnika jednej z bohaterek, kt\u00f3ra zawar\u0142a w nim obrazy niemieckiej okupacji Warszawy, nie pomijaj\u0105c walki \u017cydowskich mieszka\u0144c\u00f3w stolicy o przetrwanie. Irena wspomina swojego koleg\u0119 Kub\u0119 Fiszbauma, w kt\u00f3rym si\u0119 zadurzy\u0142a i kt\u00f3rego uda\u0142o si\u0119 wydosta\u0107 z <a href=\"https:\/\/sztetl.org.pl\/pl\/miejscowosci\/w\/18-warszawa\/116-miejsca-martyrologii\/52389-getto-w-warszawie\" target=\"_blank\" rel=\"noopener noreferrer\">getta<\/a>, a potem ukry\u0107 po tzw. aryjskiej stronie. Na kartach ksi\u0105\u017cki przywo\u0142ane zostaj\u0105 r\u00f3wnie\u017c represje stosowane wobec \u017byd\u00f3w (zamykanie prowadzonych przez nich sklep\u00f3w i przymus noszenia <a href=\"https:\/\/sztetl.org.pl\/pl\/slownik\/opaski-zydowskie\" target=\"_blank\" rel=\"noopener noreferrer\">opasek z gwiazd\u0105 Dawida<\/a>), utworzenie warszawskiego getta, <a href=\"https:\/\/sztetl.org.pl\/pl\/slownik\/powstanie-w-getcie-warszawskim\" target=\"_blank\" rel=\"noopener noreferrer\">powstanie w kwietniu 1943 roku<\/a> i jego st\u0142umienie zako\u0144czone zniszczeniem synagogi na T\u0142omackiem, a tak\u017ce pomoc niesiona \u017bydom przez Polak\u00f3w. Ponadto znale\u017a\u0107 mo\u017cna opis wsp\u00f3\u0142czesnych przejaw\u00f3w antysemityzmu (napis na murze \u201e\u017cydzi do gazu\u201d [81]).<\/p>\n<h6>Bibliografia:<\/h6>\n<ul class=\"ul1\">\n<li class=\"li1\"><span class=\"s2\">Tylicka, B., <i>Rozmowy pokoleniowe<\/i>, \u201eNowe Ksi\u0105\u017cki\u201d, nr 1, 2001, s. 41;<\/span><\/li>\n<li class=\"li1\"><span class=\"s2\">Tyszka, A., <em>Puste strony<\/em>, \u201eGuliwer\u201d, nr 4, 2001, s. 38\u201339.<\/span><\/li>\n<\/ul>","protected":false},"excerpt":{"rendered":"<p>Autor: Krystyna Siesicka Rok wydania: 2000 Wydawnictwo: Akapit Press Miejsce wydania: \u0141\u00f3d\u017a Liczba stron: 188 ISBN: 8387463787 Uwagi: Drugie wydanie w roku 2009 (K. Siesicka,&nbsp;&#8230;nie ma z kim ta\u0144czy\u0107&#8230;, \u0141\u00f3d\u017a: Akapit Press, 2009, s. 187, ISBN:&nbsp;9788360773871). Wsp\u00f3\u0142czesna opowie\u015b\u0107 o trzech kobietach, reprezentuj\u0105cych trzy pokolenia: Zosi, jej matce Weronice oraz najstarszej z nich, ciotce Irenie. Ka\u017cda z bohaterek \u017cyje niejako w swoim \u015bwiecie, cho\u0107 \u0142\u0105cz\u0105 je rodzinna przesz\u0142o\u015b\u0107 oraz historia polskich \u017byd\u00f3w. Pami\u0119taj\u0105ca mi\u0119dzywojnie i drug\u0105 wojn\u0119 \u015bwiatow\u0105 Irena, dzi\u0119ki odnalezionemu pami\u0119tnikowi, wraca pami\u0119ci\u0105 do dramatycznych wydarze\u0144 okupacyjnych, a tak\u017ce przymusowej emigracji mieszkaj\u0105cych w Polsce \u017byd\u00f3w spowodowanej antysemickimi dzia\u0142aniami w\u0142adz komunistycznych (1968). W warstw\u0119 wsp\u00f3\u0142czesn\u0105 wplecione zostaj\u0105 fragmenty fikcyjnego pami\u0119tnika jednej z bohaterek, kt\u00f3ra zawar\u0142a w nim obrazy niemieckiej okupacji Warszawy, nie pomijaj\u0105c walki \u017cydowskich mieszka\u0144c\u00f3w stolicy o przetrwanie. Irena wspomina swojego koleg\u0119 Kub\u0119 Fiszbauma, w kt\u00f3rym si\u0119 zadurzy\u0142a i kt\u00f3rego uda\u0142o si\u0119 wydosta\u0107 z getta, a potem ukry\u0107 po tzw. aryjskiej stronie. Na kartach ksi\u0105\u017cki przywo\u0142ane zostaj\u0105 r\u00f3wnie\u017c represje stosowane wobec \u017byd\u00f3w (zamykanie prowadzonych przez nich sklep\u00f3w i przymus noszenia opasek z gwiazd\u0105 Dawida), utworzenie warszawskiego getta, powstanie w kwietniu 1943 roku i jego st\u0142umienie zako\u0144czone zniszczeniem synagogi na T\u0142omackiem, a tak\u017ce pomoc niesiona \u017bydom przez Polak\u00f3w. Ponadto znale\u017a\u0107 mo\u017cna opis wsp\u00f3\u0142czesnych przejaw\u00f3w antysemityzmu (napis na murze \u201e\u017cydzi do gazu\u201d [81]). Bibliografia: Tylicka, B., Rozmowy pokoleniowe, \u201eNowe Ksi\u0105\u017cki\u201d, nr 1, 2001, s. 41; Tyszka, A., Puste strony, \u201eGuliwer\u201d, nr 4, 2001, s. 38\u201339.<\/p>\n","protected":false},"author":1,"featured_media":0,"parent":0,"menu_order":0,"comment_status":"closed","ping_status":"closed","template":"","meta":[],"_links":{"self":[{"href":"https:\/\/oczamidziecka.al.uw.edu.pl\/index.php\/wp-json\/wp\/v2\/pages\/2880"}],"collection":[{"href":"https:\/\/oczamidziecka.al.uw.edu.pl\/index.php\/wp-json\/wp\/v2\/pages"}],"about":[{"href":"https:\/\/oczamidziecka.al.uw.edu.pl\/index.php\/wp-json\/wp\/v2\/types\/page"}],"author":[{"embeddable":true,"href":"https:\/\/oczamidziecka.al.uw.edu.pl\/index.php\/wp-json\/wp\/v2\/users\/1"}],"replies":[{"embeddable":true,"href":"https:\/\/oczamidziecka.al.uw.edu.pl\/index.php\/wp-json\/wp\/v2\/comments?post=2880"}],"version-history":[{"count":9,"href":"https:\/\/oczamidziecka.al.uw.edu.pl\/index.php\/wp-json\/wp\/v2\/pages\/2880\/revisions"}],"predecessor-version":[{"id":3064,"href":"https:\/\/oczamidziecka.al.uw.edu.pl\/index.php\/wp-json\/wp\/v2\/pages\/2880\/revisions\/3064"}],"wp:attachment":[{"href":"https:\/\/oczamidziecka.al.uw.edu.pl\/index.php\/wp-json\/wp\/v2\/media?parent=2880"}],"curies":[{"name":"wp","href":"https:\/\/api.w.org\/{rel}","templated":true}]}}

…nie ma z kim tańczyć… Erotyk dla panienek z dobrych domów

<div class="wp-block-columns has-2-columns">
<div class="wp-block-column">
<h6>Autor: Krystyna Siesicka</h6>



<h6>Rok wydania: 2000</h6>



<h6>Wydawnictwo: Akapit Press</h6>



<h6>Miejsce wydania: Łódź</h6>



<h6>Liczba stron: 188</h6>



<h6>ISBN: 8387463787</h6>



<h6>Uwagi: Drugie wydanie w roku 2009 (K. Siesicka,&nbsp;<em>&#8230;nie ma z kim tańczyć&#8230;</em>, Łódź: Akapit Press, 2009, s. 187, ISBN:&nbsp;9788360773871).</h6>



<p></p>
</div>



<div class="wp-block-column">
<ul class="wp-block-gallery alignright columns-1 is-cropped"><li class="blocks-gallery-item"><figure><img loading="lazy" width="312" height="447" src="https://oczamidziecka.al.uw.edu.pl/wp-content/uploads/2021/04/siesicka-1991.jpeg" alt="" data-id="3054" data-link="https://oczamidziecka.al.uw.edu.pl/siesicka-1991/" class="wp-image-3054" srcset="https://oczamidziecka.al.uw.edu.pl/wp-content/uploads/2021/04/siesicka-1991.jpeg 312w, https://oczamidziecka.al.uw.edu.pl/wp-content/uploads/2021/04/siesicka-1991-209x300.jpeg 209w" sizes="(max-width: 312px) 100vw, 312px" /><figcaption>Wykorzystanie okładki z reprodukcją &#8220;Portretu Jeanne Samary&#8221; Auguste&#8217;a Renoira za zgodą wydawcy. ©Krystyna Siesicka</figcaption></figure></li><li class="blocks-gallery-item"><figure><img loading="lazy" width="345" height="493" src="https://oczamidziecka.al.uw.edu.pl/wp-content/uploads/2021/04/siesicka-2003.jpg" alt="" data-id="3055" data-link="https://oczamidziecka.al.uw.edu.pl/siesicka-2003/" class="wp-image-3055" srcset="https://oczamidziecka.al.uw.edu.pl/wp-content/uploads/2021/04/siesicka-2003.jpg 345w, https://oczamidziecka.al.uw.edu.pl/wp-content/uploads/2021/04/siesicka-2003-210x300.jpg 210w" sizes="(max-width: 345px) 100vw, 345px" /><figcaption>Wykorzystanie okładki z reprodukcją &#8220;Narodzin życia&#8221; Jacka Yerki za zgodą wydawcy. ©Krystyna Siesicka</figcaption></figure></li></ul>
</div>
</div>


<p>Współczesna opowieść o trzech kobietach, reprezentujących trzy pokolenia: Zosi, jej matce Weronice oraz najstarszej z nich, ciotce Irenie. Każda z bohaterek żyje niejako w swoim świecie, choć łączą je rodzinna przeszłość oraz historia polskich Żydów. Pamiętająca międzywojnie i drugą wojnę światową Irena, dzięki odnalezionemu pamiętnikowi, wraca pamięcią do dramatycznych wydarzeń okupacyjnych, a także przymusowej emigracji mieszkających w Polsce Żydów spowodowanej antysemickimi działaniami władz komunistycznych (1968).</p>
<p>W warstwę współczesną wplecione zostają fragmenty fikcyjnego pamiętnika jednej z bohaterek, która zawarła w nim obrazy niemieckiej okupacji Warszawy, nie pomijając walki żydowskich mieszkańców stolicy o przetrwanie. Irena wspomina swojego kolegę Kubę Fiszbauma, w którym się zadurzyła i którego udało się wydostać z <a href="https://sztetl.org.pl/pl/miejscowosci/w/18-warszawa/116-miejsca-martyrologii/52389-getto-w-warszawie" target="_blank" rel="noopener noreferrer">getta</a>, a potem ukryć po tzw. aryjskiej stronie. Na kartach książki przywołane zostają również represje stosowane wobec Żydów (zamykanie prowadzonych przez nich sklepów i przymus noszenia <a href="https://sztetl.org.pl/pl/slownik/opaski-zydowskie" target="_blank" rel="noopener noreferrer">opasek z gwiazdą Dawida</a>), utworzenie warszawskiego getta, <a href="https://sztetl.org.pl/pl/slownik/powstanie-w-getcie-warszawskim" target="_blank" rel="noopener noreferrer">powstanie w kwietniu 1943 roku</a> i jego stłumienie zakończone zniszczeniem synagogi na Tłomackiem, a także pomoc niesiona Żydom przez Polaków. Ponadto znaleźć można opis współczesnych przejawów antysemityzmu (napis na murze „żydzi do gazu” [81]).</p>
<h6>Bibliografia:</h6>
<ul class="ul1">
<li class="li1"><span class="s2">Tylicka, B., <i>Rozmowy pokoleniowe</i>, „Nowe Książki”, nr 1, 2001, s. 41;</span></li>
<li class="li1"><span class="s2">Tyszka, A., <em>Puste strony</em>, „Guliwer”, nr 4, 2001, s. 38–39.</span></li>
</ul>

<p>Autor: Krystyna Siesicka Rok wydania: 2000 Wydawnictwo: Akapit Press Miejsce wydania: Łódź Liczba stron: 188 ISBN: 8387463787 Uwagi: Drugie wydanie w roku 2009 (K. Siesicka,&nbsp;&#8230;nie ma z kim tańczyć&#8230;, Łódź: Akapit Press, 2009, s. 187, ISBN:&nbsp;9788360773871). Współczesna opowieść o trzech kobietach, reprezentujących trzy pokolenia: Zosi, jej matce Weronice oraz najstarszej z nich, ciotce Irenie. Każda z bohaterek żyje niejako w swoim świecie, choć łączą je rodzinna przeszłość oraz historia polskich Żydów. Pamiętająca międzywojnie i drugą wojnę światową Irena, dzięki odnalezionemu pamiętnikowi, wraca pamięcią do dramatycznych wydarzeń okupacyjnych, a także przymusowej emigracji mieszkających w Polsce Żydów spowodowanej antysemickimi działaniami władz komunistycznych (1968). W warstwę współczesną wplecione zostają fragmenty fikcyjnego pamiętnika jednej z bohaterek, która zawarła w nim obrazy niemieckiej okupacji Warszawy, nie pomijając walki żydowskich mieszkańców stolicy o przetrwanie. Irena wspomina swojego kolegę Kubę Fiszbauma, w którym się zadurzyła i którego udało się wydostać z getta, a potem ukryć po tzw. aryjskiej stronie. Na kartach książki przywołane zostają również represje stosowane wobec Żydów (zamykanie prowadzonych przez nich sklepów i przymus noszenia opasek z gwiazdą Dawida), utworzenie warszawskiego getta, powstanie w kwietniu 1943 roku i jego stłumienie zakończone zniszczeniem synagogi na Tłomackiem, a także pomoc niesiona Żydom przez Polaków. Ponadto znaleźć można opis współczesnych przejawów antysemityzmu (napis na murze „żydzi do gazu” [81]). Bibliografia: Tylicka, B., Rozmowy pokoleniowe, „Nowe Książki”, nr 1, 2001, s. 41; Tyszka, A., Puste strony, „Guliwer”, nr 4, 2001, s. 38–39.</p>
