{"id":2816,"date":"2021-04-24T10:41:28","date_gmt":"2021-04-24T09:41:28","guid":{"rendered":"https:\/\/oczamidziecka.al.uw.edu.pl\/?page_id=2816"},"modified":"2021-04-26T09:03:30","modified_gmt":"2021-04-26T08:03:30","slug":"i-ty-mozesz-zmienic-swiat-42-inspirujace-historie-o-niezwyklych-dzieciach","status":"publish","type":"page","link":"https:\/\/oczamidziecka.al.uw.edu.pl\/index.php\/i-ty-mozesz-zmienic-swiat-42-inspirujace-historie-o-niezwyklych-dzieciach\/","title":{"rendered":"I ty mo\u017cesz zmieni\u0107 \u015bwiat. 42 inspiruj\u0105ce historie o niezwyk\u0142ych dzieciach"},"content":{"rendered":"\n<div class=\"wp-block-columns has-2-columns\">\n<div class=\"wp-block-column\">\n<h6>Autor: Karolina Grabarczyk<\/h6>\n\n\n\n<h6>Ilustracje:&nbsp;Nika Jaworowska-Duchli\u0144ska<\/h6>\n\n\n\n<h6>Rok wydania: 2019<\/h6>\n\n\n\n<h6>Wydawnictwo: Media Rodzina<\/h6>\n\n\n\n<h6>Miejsce wydania: Pozna\u0144<\/h6>\n\n\n\n<h6>Liczba stron: 96<\/h6>\n\n\n\n<h6>ISBN: 9788380085626<\/h6>\n<\/div>\n\n\n\n<div class=\"wp-block-column\">\n<div class=\"wp-block-image\"><figure class=\"alignright\"><img loading=\"lazy\" width=\"271\" height=\"380\" src=\"https:\/\/oczamidziecka.al.uw.edu.pl\/wp-content\/uploads\/2021\/04\/i_ty_mozesz_zmienic_swiat_800-e1619423805748.jpg\" alt=\"\" class=\"wp-image-2998\"\/><figcaption>Wykorzystanie ok\u0142adki za zgod\u0105 wydawcy. \u00a9Media Rodzina sp. z o.o. 2019<\/figcaption><\/figure><\/div>\n<\/div>\n<\/div>\n\n\n<p>Autorki prezentuj\u0105 kr\u00f3tkie, napisane w czasu tera\u017aniejszym biogramy dzieci, kt\u00f3re w r\u00f3\u017cny spos\u00f3b przyczyni\u0142y si\u0119 do zmiany otaczaj\u0105cego \u015bwiata. Bohaterowie ksi\u0105\u017cki pochodz\u0105 z r\u00f3\u017cnych czas\u00f3w (zdecydowana wi\u0119kszo\u015b\u0107 urodzi\u0142a si\u0119 pod koniec XX wieku) i r\u00f3\u017cnych miejsc, ale \u0142\u0105czy je si\u0142a, kt\u00f3ra ma zainspirowa\u0107 niedoros\u0142ych czytelnik\u00f3w. Biogramy takich os\u00f3b, jak Helen Keller, Jan Mela czy Malala Yousafzai uzupe\u0142nia lista nagr\u00f3d, kt\u00f3re otrzymali dzieci\u0119cych bohaterowie, a tak\u017ce pos\u0142owie Karoliny Grabarczyk po\u015bwi\u0119cone prawom dziecka i idei, kt\u00f3ra sta\u0142a za stworzeniem ksi\u0105\u017cki.<\/p>\n<p>W\u015br\u00f3d inspiruj\u0105cych postaci pojawia si\u0119 <a href=\"https:\/\/sztetl.org.pl\/pl\/biogramy\/2613-frank-anne\" target=\"_blank\" rel=\"noopener noreferrer\">Anne Frank<\/a>, kt\u00f3rej kr\u00f3tki biogram zawiera r\u00f3wnie\u017c informacje o doj\u015bciu Adolfa Hitlera do w\u0142adzy, ukrywaniu si\u0119 w tajnym aneksie przy Prinsengracht 263 w Amsterdamie i tworzeniu przez dziewczyn\u0119 s\u0142ynnego dziennika.<\/p>","protected":false},"excerpt":{"rendered":"<p>Autor: Karolina Grabarczyk Ilustracje:&nbsp;Nika Jaworowska-Duchli\u0144ska Rok wydania: 2019 Wydawnictwo: Media Rodzina Miejsce wydania: Pozna\u0144 Liczba stron: 96 ISBN: 9788380085626 Autorki prezentuj\u0105 kr\u00f3tkie, napisane w czasu tera\u017aniejszym biogramy dzieci, kt\u00f3re w r\u00f3\u017cny spos\u00f3b przyczyni\u0142y si\u0119 do zmiany otaczaj\u0105cego \u015bwiata. Bohaterowie ksi\u0105\u017cki pochodz\u0105 z r\u00f3\u017cnych czas\u00f3w (zdecydowana wi\u0119kszo\u015b\u0107 urodzi\u0142a si\u0119 pod koniec XX wieku) i r\u00f3\u017cnych miejsc, ale \u0142\u0105czy je si\u0142a, kt\u00f3ra ma zainspirowa\u0107 niedoros\u0142ych czytelnik\u00f3w. Biogramy takich os\u00f3b, jak Helen Keller, Jan Mela czy Malala Yousafzai uzupe\u0142nia lista nagr\u00f3d, kt\u00f3re otrzymali dzieci\u0119cych bohaterowie, a tak\u017ce pos\u0142owie Karoliny Grabarczyk po\u015bwi\u0119cone prawom dziecka i idei, kt\u00f3ra sta\u0142a za stworzeniem ksi\u0105\u017cki. W\u015br\u00f3d inspiruj\u0105cych postaci pojawia si\u0119 Anne Frank, kt\u00f3rej kr\u00f3tki biogram zawiera r\u00f3wnie\u017c informacje o doj\u015bciu Adolfa Hitlera do w\u0142adzy, ukrywaniu si\u0119 w tajnym aneksie przy Prinsengracht 263 w Amsterdamie i tworzeniu przez dziewczyn\u0119 s\u0142ynnego dziennika.<\/p>\n","protected":false},"author":1,"featured_media":0,"parent":0,"menu_order":0,"comment_status":"closed","ping_status":"closed","template":"","meta":[],"_links":{"self":[{"href":"https:\/\/oczamidziecka.al.uw.edu.pl\/index.php\/wp-json\/wp\/v2\/pages\/2816"}],"collection":[{"href":"https:\/\/oczamidziecka.al.uw.edu.pl\/index.php\/wp-json\/wp\/v2\/pages"}],"about":[{"href":"https:\/\/oczamidziecka.al.uw.edu.pl\/index.php\/wp-json\/wp\/v2\/types\/page"}],"author":[{"embeddable":true,"href":"https:\/\/oczamidziecka.al.uw.edu.pl\/index.php\/wp-json\/wp\/v2\/users\/1"}],"replies":[{"embeddable":true,"href":"https:\/\/oczamidziecka.al.uw.edu.pl\/index.php\/wp-json\/wp\/v2\/comments?post=2816"}],"version-history":[{"count":8,"href":"https:\/\/oczamidziecka.al.uw.edu.pl\/index.php\/wp-json\/wp\/v2\/pages\/2816\/revisions"}],"predecessor-version":[{"id":3005,"href":"https:\/\/oczamidziecka.al.uw.edu.pl\/index.php\/wp-json\/wp\/v2\/pages\/2816\/revisions\/3005"}],"wp:attachment":[{"href":"https:\/\/oczamidziecka.al.uw.edu.pl\/index.php\/wp-json\/wp\/v2\/media?parent=2816"}],"curies":[{"name":"wp","href":"https:\/\/api.w.org\/{rel}","templated":true}]}}

I ty możesz zmienić świat. 42 inspirujące historie o niezwykłych dzieciach

<div class="wp-block-columns has-2-columns">
<div class="wp-block-column">
<h6>Autor: Karolina Grabarczyk</h6>



<h6>Ilustracje:&nbsp;Nika Jaworowska-Duchlińska</h6>



<h6>Rok wydania: 2019</h6>



<h6>Wydawnictwo: Media Rodzina</h6>



<h6>Miejsce wydania: Poznań</h6>



<h6>Liczba stron: 96</h6>



<h6>ISBN: 9788380085626</h6>
</div>



<div class="wp-block-column">
<div class="wp-block-image"><figure class="alignright"><img loading="lazy" width="271" height="380" src="https://oczamidziecka.al.uw.edu.pl/wp-content/uploads/2021/04/i_ty_mozesz_zmienic_swiat_800-e1619423805748.jpg" alt="" class="wp-image-2998"/><figcaption>Wykorzystanie okładki za zgodą wydawcy. ©Media Rodzina sp. z o.o. 2019</figcaption></figure></div>
</div>
</div>


<p>Autorki prezentują krótkie, napisane w czasu teraźniejszym biogramy dzieci, które w różny sposób przyczyniły się do zmiany otaczającego świata. Bohaterowie książki pochodzą z różnych czasów (zdecydowana większość urodziła się pod koniec XX wieku) i różnych miejsc, ale łączy je siła, która ma zainspirować niedorosłych czytelników. Biogramy takich osób, jak Helen Keller, Jan Mela czy Malala Yousafzai uzupełnia lista nagród, które otrzymali dziecięcych bohaterowie, a także posłowie Karoliny Grabarczyk poświęcone prawom dziecka i idei, która stała za stworzeniem książki.</p>
<p>Wśród inspirujących postaci pojawia się <a href="https://sztetl.org.pl/pl/biogramy/2613-frank-anne" target="_blank" rel="noopener noreferrer">Anne Frank</a>, której krótki biogram zawiera również informacje o dojściu Adolfa Hitlera do władzy, ukrywaniu się w tajnym aneksie przy Prinsengracht 263 w Amsterdamie i tworzeniu przez dziewczynę słynnego dziennika.</p>

<p>Autor: Karolina Grabarczyk Ilustracje:&nbsp;Nika Jaworowska-Duchlińska Rok wydania: 2019 Wydawnictwo: Media Rodzina Miejsce wydania: Poznań Liczba stron: 96 ISBN: 9788380085626 Autorki prezentują krótkie, napisane w czasu teraźniejszym biogramy dzieci, które w różny sposób przyczyniły się do zmiany otaczającego świata. Bohaterowie książki pochodzą z różnych czasów (zdecydowana większość urodziła się pod koniec XX wieku) i różnych miejsc, ale łączy je siła, która ma zainspirować niedorosłych czytelników. Biogramy takich osób, jak Helen Keller, Jan Mela czy Malala Yousafzai uzupełnia lista nagród, które otrzymali dziecięcych bohaterowie, a także posłowie Karoliny Grabarczyk poświęcone prawom dziecka i idei, która stała za stworzeniem książki. Wśród inspirujących postaci pojawia się Anne Frank, której krótki biogram zawiera również informacje o dojściu Adolfa Hitlera do władzy, ukrywaniu się w tajnym aneksie przy Prinsengracht 263 w Amsterdamie i tworzeniu przez dziewczynę słynnego dziennika.</p>
