{"id":2630,"date":"2020-02-07T14:25:09","date_gmt":"2020-02-07T13:25:09","guid":{"rendered":"https:\/\/oczamidziecka.al.uw.edu.pl\/?page_id=2630"},"modified":"2023-12-06T10:26:11","modified_gmt":"2023-12-06T09:26:11","slug":"skarb-getta","status":"publish","type":"page","link":"https:\/\/oczamidziecka.al.uw.edu.pl\/index.php\/skarb-getta\/","title":{"rendered":"Skarb getta"},"content":{"rendered":"\n<div class=\"wp-block-columns has-2-columns\">\n<div class=\"wp-block-column\">\n<h6>Autor: Adam Michejda<\/h6>\n\n\n\n<h6>Ilustracje: Tomasz Woody Borawski<\/h6>\n\n\n\n<h6>Rok wydania: 2019<\/h6>\n\n\n\n<h6>Wydawnictwo: Oficyna 4eM<\/h6>\n\n\n\n<h6>Miejsce wydania: Warszawa<\/h6>\n\n\n\n<h6>Liczba stron: 303<\/h6>\n\n\n\n<h6>ISBN:&nbsp;9788366242159<\/h6>\n\n\n\n<h6>Uwagi: Seria &#8220;Pilny na tropie&#8221;<\/h6>\n<\/div>\n\n\n\n<div class=\"wp-block-column\">\n<div class=\"wp-block-image\"><figure class=\"alignright is-resized\"><img loading=\"lazy\" src=\"https:\/\/oczamidziecka.al.uw.edu.pl\/wp-content\/uploads\/2021\/04\/SKARB-GETTA-OKLADKA-1-e1619369647679.jpg\" alt=\"\" class=\"wp-image-2903\" width=\"234\" height=\"380\"\/><figcaption>Wykorzystanie ok\u0142adki za zgod\u0105 wydawcy. \u00a9Oficyna 4eM, Warszawa 2019<\/figcaption><\/figure><\/div>\n<\/div>\n<\/div>\n\n\n<p class=\"p1\"><span class=\"s1\">Narratorem powie\u015bci jest Rafa\u0142 Pilny, urodzony w Polsce, a obecnie mieszkaj\u0105cy w Stanach Zjednoczonych dziennikarz, w r\u0119ce kt\u00f3rego trafia dziennik ojca spisany w czasie II wojny \u015bwiatowej. Dawid by\u0142 jednym z wychowank\u00f3w <a href=\"https:\/\/sztetl.org.pl\/pl\/miejscowosci\/w\/18-warszawa\/113-zabytki-kultury-materialnej\/30766-dom-sierot-janusza-korczaka-w-warszawie\" target=\"_blank\" rel=\"noopener noreferrer\">Domu Sierot<\/a> <a href=\"https:\/\/sztetl.org.pl\/pl\/biogramy\/5896-korczak-janusz\" target=\"_blank\" rel=\"noopener noreferrer\">Janusza Korczaka<\/a>, a tu\u017c po wojnie bra\u0142 udzia\u0142 w ukryciu na terenie Warszawy skarbu, kt\u00f3rego poszukiwania staj\u0105 si\u0119 g\u0142\u00f3wn\u0105 osi\u0105 fabularn\u0105 powie\u015bci. Rafa\u0142 wraz z synami Davidem i Maksem wyruszaj\u0105 do Polski, by odnale\u017a\u0107 tytu\u0142owy skarb, ale te\u017c pozna\u0107 dok\u0142adnie histori\u0119 stolicy i samego Dawida. Nie jest to jednak \u0142atwe, na drodze czeka ich bowiem nie tylko sporo zagadek historycznych, w kt\u00f3rych rozwi\u0105zaniu pomog\u0105 specjalista z <a href=\"https:\/\/www.1944.pl\/\" target=\"_blank\" rel=\"noopener noreferrer\">Muzeum Powstania Warszawskiego<\/a> czy zegarmistrz-pasjonat, ale r\u00f3wnie\u017c podejrzana grupa osi\u0142k\u00f3w zainteresowanych odnalezieniem skarbu getta.<\/span><\/p>\n<p class=\"p1\"><span class=\"s1\">W pierwszym tomie serii \u201ePilny na tropie\u201d Michejda \u0142\u0105czy wsp\u00f3\u0142czesn\u0105 narracj\u0119 z fragmentami dziennika Dawida Kantorowicza. Ch\u0142opiec spisywa\u0142 wydarzenia <a href=\"https:\/\/sztetl.org.pl\/pl\/slownik\/getto-warszawskie\" target=\"_blank\" rel=\"noopener noreferrer\">warszawskiego getta<\/a> w latach 1941\u20131942 i \u2013 cho\u0107 ca\u0142o\u015b\u0107 jest fikcyjn\u0105 kreacj\u0105 autora \u2013 znale\u017a\u0107 w nim mo\u017cna fragmenty z pism Janusza Korczaka (oznaczone przypisami) oraz opis ponurej codzienno\u015bci zgodny z zachowanymi do dzi\u015b przekazami ofiar i \u015bwiadk\u00f3w. Przesz\u0142o\u015b\u0107 Warszawy zlewa si\u0119 w powie\u015bci z tera\u017aniejszo\u015bci\u0105, Rafa\u0142 wraz z synami trafia bowiem na ulic\u0119 Ch\u0142odn\u0105, gdzie podziwiaj\u0105 instalacj\u0119 upami\u0119tniaj\u0105c\u0105 k\u0142adk\u0119 \u0142\u0105cz\u0105c\u0105 tzw. ma\u0142e i du\u017ce getto, do <a href=\"https:\/\/polin.pl\/pl\" target=\"_blank\" rel=\"noopener noreferrer\">Muzeum Historii \u017byd\u00f3w Polskich POLIN<\/a> i do <a href=\"http:\/\/korczakianum.muzeumwarszawy.pl\/\" target=\"_blank\" rel=\"noopener noreferrer\">Korczakianum<\/a>, oddzia\u0142u Muzeum Warszawy mieszcz\u0105cego si\u0119 w pierwszej siedzibie Domu Sierot przy ul. Krochmalnej 92 (dzisiaj ul. Jaktorowska 6).<\/span><\/p>\n<p>\u00a0<\/p>\n<h6>Bibliografia:<\/h6>\n<ul>\n<li>Rybak, K., <a href=\"https:\/\/doi.org\/10.31261\/NoZ.2021.07.09\" target=\"_blank\" rel=\"noopener noreferrer\"><em>Zag\u0142ada i ideologia w polskiej literaturze dzieci\u0119cej XXI wieku<\/em><\/a>, \u201eNarracje o Zag\u0142adzie<span class=\"s2\">\u201d<\/span>, nr 1(7), 2021, s. 155\u2013173 (s. 159);<\/li>\n<li>Rybak, K., <a href=\"https:\/\/doi.org\/10.32798\/dlk.634\" target=\"_blank\" rel=\"noopener noreferrer\"><em>\u201eZupe\u0142nie inne miasto<span class=\"s2\">\u201d. Obrazy warszawskiego getta w polskiej literaturze dzieci\u0119cej XXI wieku<\/span><\/em><\/a>, \u201eDzieci\u0144stwo. Literatura i Kultura<span class=\"s2\">\u201d<\/span>, nr 3(1), 2021, s. 67\u201384 (s. 76);<\/li>\n<li>Rybak, K.,\u00a0<em>Obrazowanie Zag\u0142ady. Narracje holokaustowe w polskiej literaturze XXI wieku dla dzieci i m\u0142odzie\u017cy<\/em>, Warszawa 2023.<\/li>\n<\/ul>","protected":false},"excerpt":{"rendered":"<p>Autor: Adam Michejda Ilustracje: Tomasz Woody Borawski Rok wydania: 2019 Wydawnictwo: Oficyna 4eM Miejsce wydania: Warszawa Liczba stron: 303 ISBN:&nbsp;9788366242159 Uwagi: Seria &#8220;Pilny na tropie&#8221; Narratorem powie\u015bci jest Rafa\u0142 Pilny, urodzony w Polsce, a obecnie mieszkaj\u0105cy w Stanach Zjednoczonych dziennikarz, w r\u0119ce kt\u00f3rego trafia dziennik ojca spisany w czasie II wojny \u015bwiatowej. Dawid by\u0142 jednym z wychowank\u00f3w Domu Sierot Janusza Korczaka, a tu\u017c po wojnie bra\u0142 udzia\u0142 w ukryciu na terenie Warszawy skarbu, kt\u00f3rego poszukiwania staj\u0105 si\u0119 g\u0142\u00f3wn\u0105 osi\u0105 fabularn\u0105 powie\u015bci. Rafa\u0142 wraz z synami Davidem i Maksem wyruszaj\u0105 do Polski, by odnale\u017a\u0107 tytu\u0142owy skarb, ale te\u017c pozna\u0107 dok\u0142adnie histori\u0119 stolicy i samego Dawida. Nie jest to jednak \u0142atwe, na drodze czeka ich bowiem nie tylko sporo zagadek historycznych, w kt\u00f3rych rozwi\u0105zaniu pomog\u0105 specjalista z Muzeum Powstania Warszawskiego czy zegarmistrz-pasjonat, ale r\u00f3wnie\u017c podejrzana grupa osi\u0142k\u00f3w zainteresowanych odnalezieniem skarbu getta. W pierwszym tomie serii \u201ePilny na tropie\u201d Michejda \u0142\u0105czy wsp\u00f3\u0142czesn\u0105 narracj\u0119 z fragmentami dziennika Dawida Kantorowicza. Ch\u0142opiec spisywa\u0142 wydarzenia warszawskiego getta w latach 1941\u20131942 i \u2013 cho\u0107 ca\u0142o\u015b\u0107 jest fikcyjn\u0105 kreacj\u0105 autora \u2013 znale\u017a\u0107 w nim mo\u017cna fragmenty z pism Janusza Korczaka (oznaczone przypisami) oraz opis ponurej codzienno\u015bci zgodny z zachowanymi do dzi\u015b przekazami ofiar i \u015bwiadk\u00f3w. Przesz\u0142o\u015b\u0107 Warszawy zlewa si\u0119 w powie\u015bci z tera\u017aniejszo\u015bci\u0105, Rafa\u0142 wraz z synami trafia bowiem na ulic\u0119 Ch\u0142odn\u0105, gdzie podziwiaj\u0105 instalacj\u0119 upami\u0119tniaj\u0105c\u0105 k\u0142adk\u0119 \u0142\u0105cz\u0105c\u0105 tzw. ma\u0142e i du\u017ce getto, do Muzeum Historii \u017byd\u00f3w Polskich POLIN i do Korczakianum, oddzia\u0142u Muzeum Warszawy mieszcz\u0105cego si\u0119 w pierwszej siedzibie Domu Sierot przy ul. Krochmalnej 92 (dzisiaj ul. Jaktorowska 6). \u00a0 Bibliografia: Rybak, K., Zag\u0142ada i ideologia w polskiej literaturze dzieci\u0119cej XXI wieku, \u201eNarracje o Zag\u0142adzie\u201d, nr 1(7), 2021, s. 155\u2013173 (s. 159); Rybak, K., \u201eZupe\u0142nie inne miasto\u201d. Obrazy warszawskiego getta w polskiej literaturze dzieci\u0119cej XXI wieku, \u201eDzieci\u0144stwo. Literatura i Kultura\u201d, nr 3(1), 2021, s. 67\u201384 (s. 76); Rybak, K.,\u00a0Obrazowanie Zag\u0142ady. Narracje holokaustowe w polskiej literaturze XXI wieku dla dzieci i m\u0142odzie\u017cy, Warszawa 2023.<\/p>\n","protected":false},"author":1,"featured_media":0,"parent":0,"menu_order":0,"comment_status":"closed","ping_status":"closed","template":"","meta":[],"_links":{"self":[{"href":"https:\/\/oczamidziecka.al.uw.edu.pl\/index.php\/wp-json\/wp\/v2\/pages\/2630"}],"collection":[{"href":"https:\/\/oczamidziecka.al.uw.edu.pl\/index.php\/wp-json\/wp\/v2\/pages"}],"about":[{"href":"https:\/\/oczamidziecka.al.uw.edu.pl\/index.php\/wp-json\/wp\/v2\/types\/page"}],"author":[{"embeddable":true,"href":"https:\/\/oczamidziecka.al.uw.edu.pl\/index.php\/wp-json\/wp\/v2\/users\/1"}],"replies":[{"embeddable":true,"href":"https:\/\/oczamidziecka.al.uw.edu.pl\/index.php\/wp-json\/wp\/v2\/comments?post=2630"}],"version-history":[{"count":17,"href":"https:\/\/oczamidziecka.al.uw.edu.pl\/index.php\/wp-json\/wp\/v2\/pages\/2630\/revisions"}],"predecessor-version":[{"id":3643,"href":"https:\/\/oczamidziecka.al.uw.edu.pl\/index.php\/wp-json\/wp\/v2\/pages\/2630\/revisions\/3643"}],"wp:attachment":[{"href":"https:\/\/oczamidziecka.al.uw.edu.pl\/index.php\/wp-json\/wp\/v2\/media?parent=2630"}],"curies":[{"name":"wp","href":"https:\/\/api.w.org\/{rel}","templated":true}]}}