{"id":2565,"date":"2020-02-07T11:57:49","date_gmt":"2020-02-07T10:57:49","guid":{"rendered":"https:\/\/oczamidziecka.al.uw.edu.pl\/?page_id=2565"},"modified":"2023-12-06T10:26:45","modified_gmt":"2023-12-06T09:26:45","slug":"spacerkiem-po-lodzi-przewodnik-dla-dzieci-a-stroll-through-lodz-a-guidebook-for-children","status":"publish","type":"page","link":"https:\/\/oczamidziecka.al.uw.edu.pl\/index.php\/en\/spacerkiem-po-lodzi-przewodnik-dla-dzieci-a-stroll-through-lodz-a-guidebook-for-children\/","title":{"rendered":"Spacerkiem po \u0141odzi. Przewodnik dla dzieci [A Stroll Through \u0141\u00f3d\u017a. A Guidebook for Children]"},"content":{"rendered":"\n<div class=\"wp-block-columns has-2-columns\">\n<div class=\"wp-block-column\">\n<h6>Authors: Aleksandra Jonas, Karolina Ko\u0142odziej, Maciej Kronenberg<\/h6>\n\n\n\n<h6>Illustrator:&nbsp;Iwona Ca\u0142a<\/h6>\n\n\n\n<h6>Year:&nbsp;2013<\/h6>\n\n\n\n<h6>Publisher: Literatura<\/h6>\n\n\n\n<h6>Place of publication: \u0141\u00f3d\u017a<\/h6>\n\n\n\n<h6>Pages: 160<\/h6>\n\n\n\n<h6>ISBN:&nbsp;9788376722672<\/h6>\n<\/div>\n\n\n\n<div class=\"wp-block-column\">\n<div class=\"wp-block-image\"><figure class=\"alignright\"><img loading=\"lazy\" width=\"290\" height=\"380\" src=\"https:\/\/oczamidziecka.al.uw.edu.pl\/wp-content\/uploads\/2020\/02\/Spacerkiem-po-Lodzi-1-e1581073206707.jpg\" alt=\"\" class=\"wp-image-2571\"\/><figcaption>Cover courtesy of the publisher. \u00a9Wydawnictwo Literatura<\/figcaption><\/figure><\/div>\n<\/div>\n<\/div>\n\n\n<p class=\"p1\"><span class=\"s1\">In this guidebook, <a href=\"https:\/\/sztetl.org.pl\/en\/towns\/l\/497-lodz\" target=\"_blank\" rel=\"noopener noreferrer\">\u0141\u00f3d\u017a<\/a> is presented to the younger reader as a multi-cultural city where Poles, Germans, Russians and Jews lived together for ages. Its chapters include key moments from the city\u2019s history, the profiles of prominent citizens (such as <a href=\"https:\/\/sprawiedliwi.org.pl\/en\/stories-of-rescue\/story-jan-karski\" target=\"_blank\" rel=\"noopener noreferrer\">Jan Karski<\/a>), a tour of Piotrkowska Street and a tour of film studios, including the famous animation studio Se-ma-for, where the Polish animated children\u2019s series <i>Mi\u015b Uszatek <\/i>(Teddy Drop-Ear) was produced. The publication is mostly based on visual materials, including archival photographs which illustrate the changes the city underwent through decades.<\/span><\/p>\n<p class=\"p1\"><span class=\"s1\">The subject matter of Shoah appears episodically in the guidebook (including subchapters such as \u201cWork is Our Only Way,\u201d \u201cLife in the Ghetto,\u201d \u201cWhere the Ghetto Used to Be\u2026\u201d and \u201cThe End\u201d). The reader can learn that Germans burnt \u0141\u00f3d\u017a\u2019s synagogues in the autumn of 1939 and that one of the <a href=\"https:\/\/sztetl.org.pl\/en\/towns\/l\/497-lodz\/116-sites-of-martyrdom\/48287-lodz-ghetto\" target=\"_blank\" rel=\"noopener noreferrer\">largest and longest-standing ghettoes in Europe was created in \u0141\u00f3d\u017a<\/a>\u2019s Old Town and Ba\u0142uty, the poorest parts of the city. The book includes a short poem by Abram Koplowicz, a Jewish boy who is mentioned along with Abram Cytryn as someone who pursued his talents despite the grueling conditions in the ghetto. The authors also talk about the <\/span><span class=\"s2\">Litzmannstadt Ghetto Trail, that is the commemoration of places connected to the wartime fates of the Jewish people, such as the Ba\u0142uty Market Square, the <a href=\"https:\/\/sztetl.org.pl\/en\/towns\/l\/497-lodz\/116-sites-of-martyrdom\/48221-dworzec-kolejowy-radegast-aleja-pamieci-ofiar-litzmannstadt-getto\" target=\"_blank\" rel=\"noopener noreferrer\">memorial train station Radegast<\/a> or the <a href=\"https:\/\/sztetl.org.pl\/en\/towns\/l\/497-lodz\/116-sites-of-martyrdom\/48319-park-ocalalych\" target=\"_blank\" rel=\"noopener noreferrer\">Survivors\u2019 Park in \u0141\u00f3d\u017a<\/a>, where The Monument to Poles Saving Jews and <a href=\"https:\/\/www.centrumdialogu.com\/en\/\" target=\"_blank\" rel=\"noopener noreferrer\">The Marek Edelman Dialogue Center<\/a> are located.<\/span><\/p>\n<h6>\u00a0<\/h6>\n<h6>Bibliography:<\/h6>\n<ul class=\"ul1\">\n<li class=\"li1\"><span class=\"s2\">Chrobak, M., <a href=\"http:\/\/poetica.up.krakow.pl\/article\/view\/2978\/2634\" target=\"_blank\" rel=\"noopener noreferrer\"><i>\u201ePo co komu taka uliczka i tramwaj donik\u0105d?\u201d. \u201eMiejsca palimpsestowe\u201d w przewodnikach i spacerownikach dla dzieci<\/i><\/a>, \u201eAnnales Universitatis Paedagogicae Cracoviensis. Studia Poetica\u201d, no. III, 2015, pp. 126\u2013142 (pp. 140\u2013141);<\/span><\/li>\n<li>Rybak, K.,\u00a0<em>Obrazowanie Zag\u0142ady. Narracje holokaustowe w polskiej literaturze XXI wieku dla dzieci i m\u0142odzie\u017cy<\/em>, Warszawa 2023 (p. 11)<span class=\"s2\">.<\/span><\/li>\n<\/ul>","protected":false},"excerpt":{"rendered":"<p>Authors: Aleksandra Jonas, Karolina Ko\u0142odziej, Maciej Kronenberg Illustrator:&nbsp;Iwona Ca\u0142a Year:&nbsp;2013 Publisher: Literatura Place of publication: \u0141\u00f3d\u017a Pages: 160 ISBN:&nbsp;9788376722672 In this guidebook, \u0141\u00f3d\u017a is presented to the younger reader as a multi-cultural city where Poles, Germans, Russians and Jews lived together for ages. Its chapters include key moments from the city\u2019s history, the profiles of prominent citizens (such as Jan Karski), a tour of Piotrkowska Street and a tour of film studios, including the famous animation studio Se-ma-for, where the Polish animated children\u2019s series Mi\u015b Uszatek (Teddy Drop-Ear) was produced. The publication is mostly based on visual materials, including archival photographs which illustrate the changes the city underwent through decades. The subject matter of Shoah appears episodically in the guidebook (including subchapters such as \u201cWork is Our Only Way,\u201d \u201cLife in the Ghetto,\u201d \u201cWhere the Ghetto Used to Be\u2026\u201d and \u201cThe End\u201d). The reader can learn that Germans burnt \u0141\u00f3d\u017a\u2019s synagogues in the autumn of 1939 and that one of the largest and longest-standing ghettoes in Europe was created in \u0141\u00f3d\u017a\u2019s Old Town and Ba\u0142uty, the poorest parts of the city. The book includes a short poem by Abram Koplowicz, a Jewish boy who is mentioned along with Abram Cytryn as someone who pursued his talents despite the grueling conditions in the ghetto. The authors also talk about the Litzmannstadt Ghetto Trail, that is the commemoration of places connected to the wartime fates of the Jewish people, such as the Ba\u0142uty Market Square, the memorial train station Radegast or the Survivors\u2019 Park in \u0141\u00f3d\u017a, where The Monument to Poles Saving Jews and The Marek Edelman Dialogue Center are located. \u00a0 Bibliography: Chrobak, M., \u201ePo co komu taka uliczka i tramwaj donik\u0105d?\u201d. \u201eMiejsca palimpsestowe\u201d w przewodnikach i spacerownikach dla dzieci, \u201eAnnales Universitatis Paedagogicae Cracoviensis. Studia Poetica\u201d, no. III, 2015, pp. 126\u2013142 (pp. 140\u2013141); Rybak, K.,\u00a0Obrazowanie Zag\u0142ady. Narracje holokaustowe w polskiej literaturze XXI wieku dla dzieci i m\u0142odzie\u017cy, Warszawa 2023 (p. 11).<\/p>\n","protected":false},"author":1,"featured_media":0,"parent":0,"menu_order":0,"comment_status":"closed","ping_status":"closed","template":"","meta":[],"_links":{"self":[{"href":"https:\/\/oczamidziecka.al.uw.edu.pl\/index.php\/wp-json\/wp\/v2\/pages\/2565"}],"collection":[{"href":"https:\/\/oczamidziecka.al.uw.edu.pl\/index.php\/wp-json\/wp\/v2\/pages"}],"about":[{"href":"https:\/\/oczamidziecka.al.uw.edu.pl\/index.php\/wp-json\/wp\/v2\/types\/page"}],"author":[{"embeddable":true,"href":"https:\/\/oczamidziecka.al.uw.edu.pl\/index.php\/wp-json\/wp\/v2\/users\/1"}],"replies":[{"embeddable":true,"href":"https:\/\/oczamidziecka.al.uw.edu.pl\/index.php\/wp-json\/wp\/v2\/comments?post=2565"}],"version-history":[{"count":13,"href":"https:\/\/oczamidziecka.al.uw.edu.pl\/index.php\/wp-json\/wp\/v2\/pages\/2565\/revisions"}],"predecessor-version":[{"id":3646,"href":"https:\/\/oczamidziecka.al.uw.edu.pl\/index.php\/wp-json\/wp\/v2\/pages\/2565\/revisions\/3646"}],"wp:attachment":[{"href":"https:\/\/oczamidziecka.al.uw.edu.pl\/index.php\/wp-json\/wp\/v2\/media?parent=2565"}],"curies":[{"name":"wp","href":"https:\/\/api.w.org\/{rel}","templated":true}]}}

Spacerkiem po Łodzi. Przewodnik dla dzieci [A Stroll Through Łódź. A Guidebook for Children]

<div class="wp-block-columns has-2-columns">
<div class="wp-block-column">
<h6>Authors: Aleksandra Jonas, Karolina Kołodziej, Maciej Kronenberg</h6>



<h6>Illustrator:&nbsp;Iwona Cała</h6>



<h6>Year:&nbsp;2013</h6>



<h6>Publisher: Literatura</h6>



<h6>Place of publication: Łódź</h6>



<h6>Pages: 160</h6>



<h6>ISBN:&nbsp;9788376722672</h6>
</div>



<div class="wp-block-column">
<div class="wp-block-image"><figure class="alignright"><img loading="lazy" width="290" height="380" src="https://oczamidziecka.al.uw.edu.pl/wp-content/uploads/2020/02/Spacerkiem-po-Lodzi-1-e1581073206707.jpg" alt="" class="wp-image-2571"/><figcaption>Cover courtesy of the publisher. ©Wydawnictwo Literatura</figcaption></figure></div>
</div>
</div>


<p class="p1"><span class="s1">In this guidebook, <a href="https://sztetl.org.pl/en/towns/l/497-lodz" target="_blank" rel="noopener noreferrer">Łódź</a> is presented to the younger reader as a multi-cultural city where Poles, Germans, Russians and Jews lived together for ages. Its chapters include key moments from the city’s history, the profiles of prominent citizens (such as <a href="https://sprawiedliwi.org.pl/en/stories-of-rescue/story-jan-karski" target="_blank" rel="noopener noreferrer">Jan Karski</a>), a tour of Piotrkowska Street and a tour of film studios, including the famous animation studio Se-ma-for, where the Polish animated children’s series <i>Miś Uszatek </i>(Teddy Drop-Ear) was produced. The publication is mostly based on visual materials, including archival photographs which illustrate the changes the city underwent through decades.</span></p>
<p class="p1"><span class="s1">The subject matter of Shoah appears episodically in the guidebook (including subchapters such as “Work is Our Only Way,” “Life in the Ghetto,” “Where the Ghetto Used to Be…” and “The End”). The reader can learn that Germans burnt Łódź’s synagogues in the autumn of 1939 and that one of the <a href="https://sztetl.org.pl/en/towns/l/497-lodz/116-sites-of-martyrdom/48287-lodz-ghetto" target="_blank" rel="noopener noreferrer">largest and longest-standing ghettoes in Europe was created in Łódź</a>’s Old Town and Bałuty, the poorest parts of the city. The book includes a short poem by Abram Koplowicz, a Jewish boy who is mentioned along with Abram Cytryn as someone who pursued his talents despite the grueling conditions in the ghetto. The authors also talk about the </span><span class="s2">Litzmannstadt Ghetto Trail, that is the commemoration of places connected to the wartime fates of the Jewish people, such as the Bałuty Market Square, the <a href="https://sztetl.org.pl/en/towns/l/497-lodz/116-sites-of-martyrdom/48221-dworzec-kolejowy-radegast-aleja-pamieci-ofiar-litzmannstadt-getto" target="_blank" rel="noopener noreferrer">memorial train station Radegast</a> or the <a href="https://sztetl.org.pl/en/towns/l/497-lodz/116-sites-of-martyrdom/48319-park-ocalalych" target="_blank" rel="noopener noreferrer">Survivors’ Park in Łódź</a>, where The Monument to Poles Saving Jews and <a href="https://www.centrumdialogu.com/en/" target="_blank" rel="noopener noreferrer">The Marek Edelman Dialogue Center</a> are located.</span></p>
<h6> </h6>
<h6>Bibliography:</h6>
<ul class="ul1">
<li class="li1"><span class="s2">Chrobak, M., <a href="http://poetica.up.krakow.pl/article/view/2978/2634" target="_blank" rel="noopener noreferrer"><i>„Po co komu taka uliczka i tramwaj donikąd?”. „Miejsca palimpsestowe” w przewodnikach i spacerownikach dla dzieci</i></a>, „Annales Universitatis Paedagogicae Cracoviensis. Studia Poetica”, no. III, 2015, pp. 126–142 (pp. 140–141);</span></li>
<li>Rybak, K., <em>Obrazowanie Zagłady. Narracje holokaustowe w polskiej literaturze XXI wieku dla dzieci i młodzieży</em>, Warszawa 2023 (p. 11)<span class="s2">.</span></li>
</ul>

<p>Authors: Aleksandra Jonas, Karolina Kołodziej, Maciej Kronenberg Illustrator:&nbsp;Iwona Cała Year:&nbsp;2013 Publisher: Literatura Place of publication: Łódź Pages: 160 ISBN:&nbsp;9788376722672 In this guidebook, Łódź is presented to the younger reader as a multi-cultural city where Poles, Germans, Russians and Jews lived together for ages. Its chapters include key moments from the city’s history, the profiles of prominent citizens (such as Jan Karski), a tour of Piotrkowska Street and a tour of film studios, including the famous animation studio Se-ma-for, where the Polish animated children’s series Miś Uszatek (Teddy Drop-Ear) was produced. The publication is mostly based on visual materials, including archival photographs which illustrate the changes the city underwent through decades. The subject matter of Shoah appears episodically in the guidebook (including subchapters such as “Work is Our Only Way,” “Life in the Ghetto,” “Where the Ghetto Used to Be…” and “The End”). The reader can learn that Germans burnt Łódź’s synagogues in the autumn of 1939 and that one of the largest and longest-standing ghettoes in Europe was created in Łódź’s Old Town and Bałuty, the poorest parts of the city. The book includes a short poem by Abram Koplowicz, a Jewish boy who is mentioned along with Abram Cytryn as someone who pursued his talents despite the grueling conditions in the ghetto. The authors also talk about the Litzmannstadt Ghetto Trail, that is the commemoration of places connected to the wartime fates of the Jewish people, such as the Bałuty Market Square, the memorial train station Radegast or the Survivors’ Park in Łódź, where The Monument to Poles Saving Jews and The Marek Edelman Dialogue Center are located.   Bibliography: Chrobak, M., „Po co komu taka uliczka i tramwaj donikąd?”. „Miejsca palimpsestowe” w przewodnikach i spacerownikach dla dzieci, „Annales Universitatis Paedagogicae Cracoviensis. Studia Poetica”, no. III, 2015, pp. 126–142 (pp. 140–141); Rybak, K., Obrazowanie Zagłady. Narracje holokaustowe w polskiej literaturze XXI wieku dla dzieci i młodzieży, Warszawa 2023 (p. 11).</p>
