{"id":2537,"date":"2020-02-01T17:12:46","date_gmt":"2020-02-01T16:12:46","guid":{"rendered":"https:\/\/oczamidziecka.al.uw.edu.pl\/?page_id=2537"},"modified":"2021-04-29T23:42:54","modified_gmt":"2021-04-29T22:42:54","slug":"jedrus-chlopak-ze-lwowa-jedrus-a-boy-from-lviv","status":"publish","type":"page","link":"https:\/\/oczamidziecka.al.uw.edu.pl\/index.php\/en\/jedrus-chlopak-ze-lwowa-jedrus-a-boy-from-lviv\/","title":{"rendered":"J\u0119dru\u015b, ch\u0142opak ze Lwowa [J\u0119dru\u015b, a Boy from Lviv]"},"content":{"rendered":"\n<div class=\"wp-block-columns has-2-columns\">\n<div class=\"wp-block-column\">\n<h6>Author: Andrzej Perepeczko<\/h6>\n\n\n\n<h6>Illustrator: Magdalena Pilch<\/h6>\n\n\n\n<h6>Year: 2019<\/h6>\n\n\n\n<h6>Publisher: Literatura<\/h6>\n\n\n\n<h6>Place of publication: \u0141\u00f3d\u017a<\/h6>\n\n\n\n<h6>Pages: 144<\/h6>\n\n\n\n<h6>ISBN:&nbsp;9788376727165<\/h6>\n\n\n\n<h6>Notes: &#8220;Wojny doros\u0142ych \u2013 historie dzieci&#8221; series<\/h6>\n<\/div>\n\n\n\n<div class=\"wp-block-column\">\n<div class=\"wp-block-image\"><figure class=\"alignright\"><img loading=\"lazy\" width=\"270\" height=\"380\" src=\"https:\/\/oczamidziecka.al.uw.edu.pl\/wp-content\/uploads\/2020\/02\/Jedrus-e1580573338544.jpg\" alt=\"\" class=\"wp-image-2533\"\/><figcaption>Cover courtesy of the publisher. \u00a9Andrzej Perepeczko<br>\u00a9Wydawnictwo Literatura<\/figcaption><\/figure><\/div>\n<\/div>\n<\/div>\n\n\n<p class=\"p1\"><span class=\"s1\">Andrzej Perepeczko\u2019s autobiographical story begins in inter-war Lviv. In 1935, the boy and his family move to Modlin near Warsaw, where they live until the outbreak of the Second World War. In early September 1939, the father, a lieutenant in the Polish Army, decides to send his family to the countryside. J\u0119dru\u015b finds himself in Luszawa, a town in the Lublin voivodeship. After the Battle of <a href=\"https:\/\/sztetl.org.pl\/en\/towns\/k\/643-kock\" target=\"_blank\" rel=\"noopener noreferrer\">Kock<\/a> is lost (in early October 1939), they leave for Warsaw. There are many more relocations in his young life, but the war comes to an end with J\u0119dru\u015b in Radomsko. The boy\u2019s wartime travels mix with descriptions of everyday life under German occupation, including underground education, roundups, participation in the paramilitary Grey Ranks (Szare Szeregi) or news of the Warsaw Uprising.<\/span><\/p>\n<p class=\"p1\"><span class=\"s1\">The Holocaust appears in the book episodically. During his escape from Modlin, the protagonist notices that only Jewish people become victims of the bombings of Kock, and wonders: \u201cwhy are the Germans bombing and burning such a little Jewish town? \u2026 After all, there is no target here that would be worth bombing\u201d [37]. A short fragment is also devoted to the creation of the <a href=\"https:\/\/sztetl.org.pl\/pl\/slownik\/getto-warszawskie\" target=\"_blank\" rel=\"noopener noreferrer\">Warsaw Ghetto<\/a>, whose \u201cinhabitants\u201d [64] (later also called \u201cprisoners\u201d [73]) have no right to go outside of its walls. The Poles cannot help them, which prompts J\u0119dru\u015b\u2019s grandmother\u2019s comment \u201cwe can \u2026 only pray for them, unfortunately\u201d [64]. Interestingly, Perepeczko\u2019s story does not follow the convention of a child character witnessing the Shoah. J\u0119dru\u015b\u2019s grandmother explains why: \u201cbetter not look at the ghetto, children, because people die in the streets there\u201d [64]. The text also mentions the reduction of the ghetto\u2019s area and the 1943 uprising resulting in the complete destruction of the \u201cquarter encircled with a wall\u201d [73\u201374].<\/span><\/p>\n<h6>Bibliography:<\/h6>\n<ul>\n<li>Rybak, K., <em>Stosunki polsko-\u017cydowskie i Zag\u0142ada w polskiej literaturze dzieci\u0119cej XXI wieku<\/em>, [in:] <em>Stosunki polsko-\u017cydowskie<\/em>, vol. 2, <em>Kultura. Literatura, sztuka i nauka w XX wieku<\/em>, ed. Z. Tr\u0119bacz, Warszawa 2020, pp. 171\u2013187 (p. 174, fn. 7).<\/li>\n<\/ul>\n<p class=\"p1\">\u00a0<\/p>","protected":false},"excerpt":{"rendered":"<p>Author: Andrzej Perepeczko Illustrator: Magdalena Pilch Year: 2019 Publisher: Literatura Place of publication: \u0141\u00f3d\u017a Pages: 144 ISBN:&nbsp;9788376727165 Notes: &#8220;Wojny doros\u0142ych \u2013 historie dzieci&#8221; series Andrzej Perepeczko\u2019s autobiographical story begins in inter-war Lviv. In 1935, the boy and his family move to Modlin near Warsaw, where they live until the outbreak of the Second World War. In early September 1939, the father, a lieutenant in the Polish Army, decides to send his family to the countryside. J\u0119dru\u015b finds himself in Luszawa, a town in the Lublin voivodeship. After the Battle of Kock is lost (in early October 1939), they leave for Warsaw. There are many more relocations in his young life, but the war comes to an end with J\u0119dru\u015b in Radomsko. The boy\u2019s wartime travels mix with descriptions of everyday life under German occupation, including underground education, roundups, participation in the paramilitary Grey Ranks (Szare Szeregi) or news of the Warsaw Uprising. The Holocaust appears in the book episodically. During his escape from Modlin, the protagonist notices that only Jewish people become victims of the bombings of Kock, and wonders: \u201cwhy are the Germans bombing and burning such a little Jewish town? \u2026 After all, there is no target here that would be worth bombing\u201d [37]. A short fragment is also devoted to the creation of the Warsaw Ghetto, whose \u201cinhabitants\u201d [64] (later also called \u201cprisoners\u201d [73]) have no right to go outside of its walls. The Poles cannot help them, which prompts J\u0119dru\u015b\u2019s grandmother\u2019s comment \u201cwe can \u2026 only pray for them, unfortunately\u201d [64]. Interestingly, Perepeczko\u2019s story does not follow the convention of a child character witnessing the Shoah. J\u0119dru\u015b\u2019s grandmother explains why: \u201cbetter not look at the ghetto, children, because people die in the streets there\u201d [64]. The text also mentions the reduction of the ghetto\u2019s area and the 1943 uprising resulting in the complete destruction of the \u201cquarter encircled with a wall\u201d [73\u201374]. Bibliography: Rybak, K., Stosunki polsko-\u017cydowskie i Zag\u0142ada w polskiej literaturze dzieci\u0119cej XXI wieku, [in:] Stosunki polsko-\u017cydowskie, vol. 2, Kultura. Literatura, sztuka i nauka w XX wieku, ed. Z. Tr\u0119bacz, Warszawa 2020, pp. 171\u2013187 (p. 174, fn. 7). \u00a0<\/p>\n","protected":false},"author":1,"featured_media":0,"parent":0,"menu_order":0,"comment_status":"closed","ping_status":"closed","template":"","meta":[],"_links":{"self":[{"href":"https:\/\/oczamidziecka.al.uw.edu.pl\/index.php\/wp-json\/wp\/v2\/pages\/2537"}],"collection":[{"href":"https:\/\/oczamidziecka.al.uw.edu.pl\/index.php\/wp-json\/wp\/v2\/pages"}],"about":[{"href":"https:\/\/oczamidziecka.al.uw.edu.pl\/index.php\/wp-json\/wp\/v2\/types\/page"}],"author":[{"embeddable":true,"href":"https:\/\/oczamidziecka.al.uw.edu.pl\/index.php\/wp-json\/wp\/v2\/users\/1"}],"replies":[{"embeddable":true,"href":"https:\/\/oczamidziecka.al.uw.edu.pl\/index.php\/wp-json\/wp\/v2\/comments?post=2537"}],"version-history":[{"count":4,"href":"https:\/\/oczamidziecka.al.uw.edu.pl\/index.php\/wp-json\/wp\/v2\/pages\/2537\/revisions"}],"predecessor-version":[{"id":3292,"href":"https:\/\/oczamidziecka.al.uw.edu.pl\/index.php\/wp-json\/wp\/v2\/pages\/2537\/revisions\/3292"}],"wp:attachment":[{"href":"https:\/\/oczamidziecka.al.uw.edu.pl\/index.php\/wp-json\/wp\/v2\/media?parent=2537"}],"curies":[{"name":"wp","href":"https:\/\/api.w.org\/{rel}","templated":true}]}}

Jędruś, chłopak ze Lwowa [Jędruś, a Boy from Lviv]

<div class="wp-block-columns has-2-columns">
<div class="wp-block-column">
<h6>Author: Andrzej Perepeczko</h6>



<h6>Illustrator: Magdalena Pilch</h6>



<h6>Year: 2019</h6>



<h6>Publisher: Literatura</h6>



<h6>Place of publication: Łódź</h6>



<h6>Pages: 144</h6>



<h6>ISBN:&nbsp;9788376727165</h6>



<h6>Notes: &#8220;Wojny dorosłych – historie dzieci&#8221; series</h6>
</div>



<div class="wp-block-column">
<div class="wp-block-image"><figure class="alignright"><img loading="lazy" width="270" height="380" src="https://oczamidziecka.al.uw.edu.pl/wp-content/uploads/2020/02/Jedrus-e1580573338544.jpg" alt="" class="wp-image-2533"/><figcaption>Cover courtesy of the publisher. ©Andrzej Perepeczko<br>©Wydawnictwo Literatura</figcaption></figure></div>
</div>
</div>


<p class="p1"><span class="s1">Andrzej Perepeczko’s autobiographical story begins in inter-war Lviv. In 1935, the boy and his family move to Modlin near Warsaw, where they live until the outbreak of the Second World War. In early September 1939, the father, a lieutenant in the Polish Army, decides to send his family to the countryside. Jędruś finds himself in Luszawa, a town in the Lublin voivodeship. After the Battle of <a href="https://sztetl.org.pl/en/towns/k/643-kock" target="_blank" rel="noopener noreferrer">Kock</a> is lost (in early October 1939), they leave for Warsaw. There are many more relocations in his young life, but the war comes to an end with Jędruś in Radomsko. The boy’s wartime travels mix with descriptions of everyday life under German occupation, including underground education, roundups, participation in the paramilitary Grey Ranks (Szare Szeregi) or news of the Warsaw Uprising.</span></p>
<p class="p1"><span class="s1">The Holocaust appears in the book episodically. During his escape from Modlin, the protagonist notices that only Jewish people become victims of the bombings of Kock, and wonders: “why are the Germans bombing and burning such a little Jewish town? … After all, there is no target here that would be worth bombing” [37]. A short fragment is also devoted to the creation of the <a href="https://sztetl.org.pl/pl/slownik/getto-warszawskie" target="_blank" rel="noopener noreferrer">Warsaw Ghetto</a>, whose “inhabitants” [64] (later also called “prisoners” [73]) have no right to go outside of its walls. The Poles cannot help them, which prompts Jędruś’s grandmother’s comment “we can … only pray for them, unfortunately” [64]. Interestingly, Perepeczko’s story does not follow the convention of a child character witnessing the Shoah. Jędruś’s grandmother explains why: “better not look at the ghetto, children, because people die in the streets there” [64]. The text also mentions the reduction of the ghetto’s area and the 1943 uprising resulting in the complete destruction of the “quarter encircled with a wall” [73–74].</span></p>
<h6>Bibliography:</h6>
<ul>
<li>Rybak, K., <em>Stosunki polsko-żydowskie i Zagłada w polskiej literaturze dziecięcej XXI wieku</em>, [in:] <em>Stosunki polsko-żydowskie</em>, vol. 2, <em>Kultura. Literatura, sztuka i nauka w XX wieku</em>, ed. Z. Trębacz, Warszawa 2020, pp. 171–187 (p. 174, fn. 7).</li>
</ul>
<p class="p1"> </p>

<p>Author: Andrzej Perepeczko Illustrator: Magdalena Pilch Year: 2019 Publisher: Literatura Place of publication: Łódź Pages: 144 ISBN:&nbsp;9788376727165 Notes: &#8220;Wojny dorosłych – historie dzieci&#8221; series Andrzej Perepeczko’s autobiographical story begins in inter-war Lviv. In 1935, the boy and his family move to Modlin near Warsaw, where they live until the outbreak of the Second World War. In early September 1939, the father, a lieutenant in the Polish Army, decides to send his family to the countryside. Jędruś finds himself in Luszawa, a town in the Lublin voivodeship. After the Battle of Kock is lost (in early October 1939), they leave for Warsaw. There are many more relocations in his young life, but the war comes to an end with Jędruś in Radomsko. The boy’s wartime travels mix with descriptions of everyday life under German occupation, including underground education, roundups, participation in the paramilitary Grey Ranks (Szare Szeregi) or news of the Warsaw Uprising. The Holocaust appears in the book episodically. During his escape from Modlin, the protagonist notices that only Jewish people become victims of the bombings of Kock, and wonders: “why are the Germans bombing and burning such a little Jewish town? … After all, there is no target here that would be worth bombing” [37]. A short fragment is also devoted to the creation of the Warsaw Ghetto, whose “inhabitants” [64] (later also called “prisoners” [73]) have no right to go outside of its walls. The Poles cannot help them, which prompts Jędruś’s grandmother’s comment “we can … only pray for them, unfortunately” [64]. Interestingly, Perepeczko’s story does not follow the convention of a child character witnessing the Shoah. Jędruś’s grandmother explains why: “better not look at the ghetto, children, because people die in the streets there” [64]. The text also mentions the reduction of the ghetto’s area and the 1943 uprising resulting in the complete destruction of the “quarter encircled with a wall” [73–74]. Bibliography: Rybak, K., Stosunki polsko-żydowskie i Zagłada w polskiej literaturze dziecięcej XXI wieku, [in:] Stosunki polsko-żydowskie, vol. 2, Kultura. Literatura, sztuka i nauka w XX wieku, ed. Z. Trębacz, Warszawa 2020, pp. 171–187 (p. 174, fn. 7).  </p>
