{"id":2480,"date":"2020-02-01T15:16:41","date_gmt":"2020-02-01T14:16:41","guid":{"rendered":"https:\/\/oczamidziecka.al.uw.edu.pl\/?page_id=2480"},"modified":"2021-06-13T20:49:23","modified_gmt":"2021-06-13T19:49:23","slug":"gdyby-gwiazdy-mogly-mowic-if-the-stars-could-only-speak","status":"publish","type":"page","link":"https:\/\/oczamidziecka.al.uw.edu.pl\/index.php\/en\/gdyby-gwiazdy-mogly-mowic-if-the-stars-could-only-speak\/","title":{"rendered":"Gdyby gwiazdy mog\u0142y m\u00f3wi\u0107 [\u05dc\u05d5 \u05db\u05d5\u05db\u05d1\u05d9\u05dd \u05d9\u05d3\u05e2\u05d5 \u05dc\u05d3\u05d1\u05e8 \/ If the stars could only speak]"},"content":{"rendered":"\n<div class=\"wp-block-columns has-2-columns\">\n<div class=\"wp-block-column\">\n<h6>Author: Bat-Sheva Dagan [\u05d1\u05ea \u05e9\u05d1\u05e2 \u05d3\u05d2\u05df]<\/h6>\n\n\n\n<h6>Illustrator: Avi Katz<\/h6>\n\n\n\n<h6>Translator: Batszewa Dagan<\/h6>\n\n\n\n<h6>Year: 2012<\/h6>\n\n\n\n<h6>Publisher: Pa\u0144stwowe Muzeum Auschwitz-Birkenau<\/h6>\n\n\n\n<h6>Place of publicaion: O\u015bwi\u0119cim<\/h6>\n\n\n\n<h6>Pages: 32<\/h6>\n\n\n\n<h6>ISBN: 9788377040379<\/h6>\n\n\n\n<h6>Notes: Translation from Hebrew (2000). <\/h6>\n\n\n\n<h6>Translations:<\/h6>\n\n\n\n<ul><li><em>\u05dc\u05d5 \u05db\u05d5\u05db\u05d1\u05d9\u05dd \u05d9\u05d3\u05e2\u05d5 \u05dc\u05d3\u05d1\u05e8<\/em>, il. \u05d0. \u05db\u05e5, Holon: Tsabar, 2000, pp. 29;<\/li><li><em>If the stars could only speak<\/em>,&nbsp;ill. A. Katz, trans. Z. Schaffer, Notts: Holocaust Centre, 2006, pp. 32, ISBN: 9780954300180;<\/li><li><em>Wenn Sterne sprechen k\u00f6nnten<\/em>, ill. A. Katz, trans. B. Otterbach, Berlin: Metropol, 2007, pp. 32, ISBN: 9783938690604.<\/li><\/ul>\n<\/div>\n\n\n\n<div class=\"wp-block-column\">\n<div class=\"wp-block-image\"><figure class=\"alignright\"><img loading=\"lazy\" width=\"260\" height=\"380\" src=\"https:\/\/oczamidziecka.al.uw.edu.pl\/wp-content\/uploads\/2020\/02\/Gdyby-gwiazdy-mog\u0142y-mo\u0301wic\u0301-2-e1580568181286.jpg\" alt=\"\" class=\"wp-image-2482\"\/><figcaption>Cover courtesy of the publisher. \u00a9Pa\u0144stwowe Muzeum Auschwitz-Birkenau w O\u015bwi\u0119cimiu, 2012<\/figcaption><\/figure><\/div>\n<\/div>\n<\/div>\n\n\n\n<p>After the narrator Iza successfully escapes the <a href=\"https:\/\/sztetl.org.pl\/en\/towns\/r\/601-radom\/116-sites-of-martyrdom\/49970-ghetto-radom\" target=\"_blank\" rel=\"noreferrer noopener\" aria-label=\"Radom ghetto (opens in a new tab)\">Radom ghetto<\/a>, she is found by Germans and sent to a concentration camp. There, she meets her cousin Alunia, who left her sister and two children in Radom. The women manage to organize work together in the hospital block. From this vantage point, they observe the subsequent tragic events at the camp. Thanks to Iza\u2019s help, Alunia survives two years at the camp. She finds solace in looking up at the stars which remind her of her children. Eventually, Alunia\u2019s children also arrive at the camp and are lodged in the same barrack. At one point, the narrator is transported to a different camp where she lives to see liberation by the Red Army. Alunia, her children and her sister also survive the war. After a difficult post-war period, the characters leave for Israel, where they finally meet again on accident after years of separation.<\/p>\n\n\n\n<p>This story, based on its author\u2019s experiences of concentration camp imprisonment, contains much information on the fates of Jews during the Second World War, including the life in a ghetto and in a concentration camp. At the end of the book, a one-page glossary can be found (\u201cghetto,\u201d \u201cNazi,\u201d concentration camp,\u201d \u201cRed Army\u201d). Moreover, a CD is included with two lesson plans based on this book, with subjects such as tolerance, otherness, World War Two and the Holocaust.<\/p>\n\n\n\n<h6>Bibliography:<\/h6>\n\n\n\n<ul><li>Ippoldt, L.,\u00a0<a rel=\"noreferrer noopener\" href=\"http:\/\/www.ifg.uni.wroc.pl\/wp-content\/uploads\/PUBLIKACJE-IFG\/OL\/OL48.pdf\" target=\"_blank\"><em>Dziecko a wojna \u2013 literatura dla dzieci o tematyce wojennej na wybranych przyk\u0142adach polsko- i niemieckoj\u0119zycznych<\/em><\/a>, \u201eOrbis Linguarum\u201d, no. 48, 2018, pp. 501\u2013504 (p. 503);<\/li><li>Jasnowski, P.,\u00a0<em>Zag\u0142ada \u017byd\u00f3w w najnowszej literaturze dzieci\u0119cej<\/em>, \u201eRyms. Kwartalnik o ksi\u0105\u017ckach dla dzieci i m\u0142odzie\u017cy\u201d, no.\u00a019, 2013, pp. 6\u20137;<\/li><li>Jeziorkowska-Polakowska, A., <em>\u201ebia\u0142a plamka na tle MURU to ja&#8230;\u201d \u2013 angielski buldog opowiada o Zag\u0142adzie<\/em>, [in:] <em>(Nie)zapomniane zwierz\u0119ta<\/em>, eds. E. \u0141och, D. Piechota, A. Trze\u015bniewska-Nowak, Gda\u0144sk 2021, pp. 129\u2013161 (p. 132, fn. 6);<\/li><li>Olszewska, B., <em>Konwencja pami\u0119tnika, dziennika, autobiografii w ksi\u0105\u017ckach o wojnie dla m\u0142odego czytelnika<\/em>, [in:] <em>(Od)pami\u0119tywanie \u2013 gry z przesz\u0142o\u015bci\u0105 w literaturze dla dzieci i m\u0142odzie\u017cy<\/em>, eds. B. Niesporek-Szamburska, M. W\u00f3jcik-Dudek, Katowice 2018, pp. 101\u2013117 (p. 101 fn. 1);<\/li><li>Sikora, A.,\u00a0<a rel=\"noreferrer noopener\" href=\"http:\/\/dspace.uni.lodz.pl:8080\/xmlui\/bitstream\/handle\/11089\/6957\/Folia_19_025-044_Sikora.pdf?sequence=1&amp;isAllowed=y\" target=\"_blank\"><em>W jaki spos\u00f3b m\u00f3wimy dzieciom o wojnie? Charakterystyka prozy o tematyce wojennej na podstawie wybranych ksi\u0105\u017cek dla dzieci<\/em><\/a>, \u201eActa Universitatis Lodziensis. Folia Librorum\u201d, no. 2 (19), 2014, pp. 25\u201344;<\/li><li>W\u00f3jcik-Dudek, M.,\u00a0<a rel=\"noreferrer noopener\" href=\"http:\/\/www.noz.us.edu.pl\/wp-content\/uploads\/2016\/09\/09_W%C3%B3jcik-Dudek_96-116-.pdf\" target=\"_blank\"><em>Konieczno\u015b\u0107 \u015bladu. Kanony literatury dla dzieci i m\u0142odzie\u017cy<\/em><\/a>, \u201eNarracje o Zag\u0142adzie\u201d, no. 1, 2015, pp. 96\u2013116 (p. 104);<\/li><li>W\u00f3jcik-Dudek, M.,\u00a0<em>W(y)czyta\u0107 Zag\u0142ad\u0119. Praktyki postpami\u0119ci w polskiej literaturze XXI wieku dla dzieci i m\u0142odzie\u017cy<\/em>, Katowice 2016 (pp. 32\u201333).<\/li><\/ul>\n","protected":false},"excerpt":{"rendered":"<p>Author: Bat-Sheva Dagan [\u05d1\u05ea \u05e9\u05d1\u05e2 \u05d3\u05d2\u05df] Illustrator: Avi Katz Translator: Batszewa Dagan Year: 2012 Publisher: Pa\u0144stwowe Muzeum Auschwitz-Birkenau Place of publicaion: O\u015bwi\u0119cim Pages: 32 ISBN: 9788377040379 Notes: Translation from Hebrew (2000). Translations: \u05dc\u05d5 \u05db\u05d5\u05db\u05d1\u05d9\u05dd \u05d9\u05d3\u05e2\u05d5 \u05dc\u05d3\u05d1\u05e8, il. \u05d0. \u05db\u05e5, Holon: Tsabar, 2000, pp. 29; If the stars could only speak,&nbsp;ill. A. Katz, trans. Z. Schaffer, Notts: Holocaust Centre, 2006, pp. 32, ISBN: 9780954300180; Wenn Sterne sprechen k\u00f6nnten, ill. A. Katz, trans. B. Otterbach, Berlin: Metropol, 2007, pp. 32, ISBN: 9783938690604. After the narrator Iza successfully escapes the Radom ghetto, she is found by Germans and sent to a concentration camp. There, she meets her cousin Alunia, who left her sister and two children in Radom. The women manage to organize work together in the hospital block. From this vantage point, they observe the subsequent tragic events at the camp. Thanks to Iza\u2019s help, Alunia survives two years at the camp. She finds solace in looking up at the stars which remind her of her children. Eventually, Alunia\u2019s children also arrive at the camp and are lodged in the same barrack. At one point, the narrator is transported to a different camp where she lives to see liberation by the Red Army. Alunia, her children and her sister also survive the war. After a difficult post-war period, the characters leave for Israel, where they finally meet again on accident after years of separation. This story, based on its author\u2019s experiences of concentration camp imprisonment, contains much information on the fates of Jews during the Second World War, including the life in a ghetto and in a concentration camp. At the end of the book, a one-page glossary can be found (\u201cghetto,\u201d \u201cNazi,\u201d concentration camp,\u201d \u201cRed Army\u201d). Moreover, a CD is included with two lesson plans based on this book, with subjects such as tolerance, otherness, World War Two and the Holocaust. Bibliography: Ippoldt, L.,\u00a0Dziecko a wojna \u2013 literatura dla dzieci o tematyce wojennej na wybranych przyk\u0142adach polsko- i niemieckoj\u0119zycznych, \u201eOrbis Linguarum\u201d, no. 48, 2018, pp. 501\u2013504 (p. 503); Jasnowski, P.,\u00a0Zag\u0142ada \u017byd\u00f3w w najnowszej literaturze dzieci\u0119cej, \u201eRyms. Kwartalnik o ksi\u0105\u017ckach dla dzieci i m\u0142odzie\u017cy\u201d, no.\u00a019, 2013, pp. 6\u20137; Jeziorkowska-Polakowska, A., \u201ebia\u0142a plamka na tle MURU to ja&#8230;\u201d \u2013 angielski buldog opowiada o Zag\u0142adzie, [in:] (Nie)zapomniane zwierz\u0119ta, eds. E. \u0141och, D. Piechota, A. Trze\u015bniewska-Nowak, Gda\u0144sk 2021, pp. 129\u2013161 (p. 132, fn. 6); Olszewska, B., Konwencja pami\u0119tnika, dziennika, autobiografii w ksi\u0105\u017ckach o wojnie dla m\u0142odego czytelnika, [in:] (Od)pami\u0119tywanie \u2013 gry z przesz\u0142o\u015bci\u0105 w literaturze dla dzieci i m\u0142odzie\u017cy, eds. B. Niesporek-Szamburska, M. W\u00f3jcik-Dudek, Katowice 2018, pp. 101\u2013117 (p. 101 fn. 1); Sikora, A.,\u00a0W jaki spos\u00f3b m\u00f3wimy dzieciom o wojnie? Charakterystyka prozy o tematyce wojennej na podstawie wybranych ksi\u0105\u017cek dla dzieci, \u201eActa Universitatis Lodziensis. Folia Librorum\u201d, no. 2 (19), 2014, pp. 25\u201344; W\u00f3jcik-Dudek, M.,\u00a0Konieczno\u015b\u0107 \u015bladu. Kanony literatury dla dzieci i m\u0142odzie\u017cy, \u201eNarracje o Zag\u0142adzie\u201d, no. 1, 2015, pp. 96\u2013116 (p. 104); W\u00f3jcik-Dudek, M.,\u00a0W(y)czyta\u0107 Zag\u0142ad\u0119. Praktyki postpami\u0119ci w polskiej literaturze XXI wieku dla dzieci i m\u0142odzie\u017cy, Katowice 2016 (pp. 32\u201333).<\/p>\n","protected":false},"author":1,"featured_media":0,"parent":0,"menu_order":0,"comment_status":"closed","ping_status":"closed","template":"","meta":[],"_links":{"self":[{"href":"https:\/\/oczamidziecka.al.uw.edu.pl\/index.php\/wp-json\/wp\/v2\/pages\/2480"}],"collection":[{"href":"https:\/\/oczamidziecka.al.uw.edu.pl\/index.php\/wp-json\/wp\/v2\/pages"}],"about":[{"href":"https:\/\/oczamidziecka.al.uw.edu.pl\/index.php\/wp-json\/wp\/v2\/types\/page"}],"author":[{"embeddable":true,"href":"https:\/\/oczamidziecka.al.uw.edu.pl\/index.php\/wp-json\/wp\/v2\/users\/1"}],"replies":[{"embeddable":true,"href":"https:\/\/oczamidziecka.al.uw.edu.pl\/index.php\/wp-json\/wp\/v2\/comments?post=2480"}],"version-history":[{"count":12,"href":"https:\/\/oczamidziecka.al.uw.edu.pl\/index.php\/wp-json\/wp\/v2\/pages\/2480\/revisions"}],"predecessor-version":[{"id":3457,"href":"https:\/\/oczamidziecka.al.uw.edu.pl\/index.php\/wp-json\/wp\/v2\/pages\/2480\/revisions\/3457"}],"wp:attachment":[{"href":"https:\/\/oczamidziecka.al.uw.edu.pl\/index.php\/wp-json\/wp\/v2\/media?parent=2480"}],"curies":[{"name":"wp","href":"https:\/\/api.w.org\/{rel}","templated":true}]}}

Gdyby gwiazdy mogły mówić [לו כוכבים ידעו לדבר / If the stars could only speak]

<div class="wp-block-columns has-2-columns">
<div class="wp-block-column">
<h6>Author: Bat-Sheva Dagan [בת שבע דגן]</h6>



<h6>Illustrator: Avi Katz</h6>



<h6>Translator: Batszewa Dagan</h6>



<h6>Year: 2012</h6>



<h6>Publisher: Państwowe Muzeum Auschwitz-Birkenau</h6>



<h6>Place of publicaion: Oświęcim</h6>



<h6>Pages: 32</h6>



<h6>ISBN: 9788377040379</h6>



<h6>Notes: Translation from Hebrew (2000). </h6>



<h6>Translations:</h6>



<ul><li><em>לו כוכבים ידעו לדבר</em>, il. א. כץ, Holon: Tsabar, 2000, pp. 29;</li><li><em>If the stars could only speak</em>,&nbsp;ill. A. Katz, trans. Z. Schaffer, Notts: Holocaust Centre, 2006, pp. 32, ISBN: 9780954300180;</li><li><em>Wenn Sterne sprechen könnten</em>, ill. A. Katz, trans. B. Otterbach, Berlin: Metropol, 2007, pp. 32, ISBN: 9783938690604.</li></ul>
</div>



<div class="wp-block-column">
<div class="wp-block-image"><figure class="alignright"><img loading="lazy" width="260" height="380" src="https://oczamidziecka.al.uw.edu.pl/wp-content/uploads/2020/02/Gdyby-gwiazdy-mogły-mówić-2-e1580568181286.jpg" alt="" class="wp-image-2482"/><figcaption>Cover courtesy of the publisher. ©Państwowe Muzeum Auschwitz-Birkenau w Oświęcimiu, 2012</figcaption></figure></div>
</div>
</div>



<p>After the narrator Iza successfully escapes the <a href="https://sztetl.org.pl/en/towns/r/601-radom/116-sites-of-martyrdom/49970-ghetto-radom" target="_blank" rel="noreferrer noopener" aria-label="Radom ghetto (opens in a new tab)">Radom ghetto</a>, she is found by Germans and sent to a concentration camp. There, she meets her cousin Alunia, who left her sister and two children in Radom. The women manage to organize work together in the hospital block. From this vantage point, they observe the subsequent tragic events at the camp. Thanks to Iza’s help, Alunia survives two years at the camp. She finds solace in looking up at the stars which remind her of her children. Eventually, Alunia’s children also arrive at the camp and are lodged in the same barrack. At one point, the narrator is transported to a different camp where she lives to see liberation by the Red Army. Alunia, her children and her sister also survive the war. After a difficult post-war period, the characters leave for Israel, where they finally meet again on accident after years of separation.</p>



<p>This story, based on its author’s experiences of concentration camp imprisonment, contains much information on the fates of Jews during the Second World War, including the life in a ghetto and in a concentration camp. At the end of the book, a one-page glossary can be found (“ghetto,” “Nazi,” concentration camp,” “Red Army”). Moreover, a CD is included with two lesson plans based on this book, with subjects such as tolerance, otherness, World War Two and the Holocaust.</p>



<h6>Bibliography:</h6>



<ul><li>Ippoldt, L., <a rel="noreferrer noopener" href="http://www.ifg.uni.wroc.pl/wp-content/uploads/PUBLIKACJE-IFG/OL/OL48.pdf" target="_blank"><em>Dziecko a wojna – literatura dla dzieci o tematyce wojennej na wybranych przykładach polsko- i niemieckojęzycznych</em></a>, „Orbis Linguarum”, no. 48, 2018, pp. 501–504 (p. 503);</li><li>Jasnowski, P., <em>Zagłada Żydów w najnowszej literaturze dziecięcej</em>, „Ryms. Kwartalnik o książkach dla dzieci i młodzieży”, no. 19, 2013, pp. 6–7;</li><li>Jeziorkowska-Polakowska, A., <em>„biała plamka na tle MURU to ja&#8230;” – angielski buldog opowiada o Zagładzie</em>, [in:] <em>(Nie)zapomniane zwierzęta</em>, eds. E. Łoch, D. Piechota, A. Trześniewska-Nowak, Gdańsk 2021, pp. 129–161 (p. 132, fn. 6);</li><li>Olszewska, B., <em>Konwencja pamiętnika, dziennika, autobiografii w książkach o wojnie dla młodego czytelnika</em>, [in:] <em>(Od)pamiętywanie – gry z przeszłością w literaturze dla dzieci i młodzieży</em>, eds. B. Niesporek-Szamburska, M. Wójcik-Dudek, Katowice 2018, pp. 101–117 (p. 101 fn. 1);</li><li>Sikora, A., <a rel="noreferrer noopener" href="http://dspace.uni.lodz.pl:8080/xmlui/bitstream/handle/11089/6957/Folia_19_025-044_Sikora.pdf?sequence=1&amp;isAllowed=y" target="_blank"><em>W jaki sposób mówimy dzieciom o wojnie? Charakterystyka prozy o tematyce wojennej na podstawie wybranych książek dla dzieci</em></a>, „Acta Universitatis Lodziensis. Folia Librorum”, no. 2 (19), 2014, pp. 25–44;</li><li>Wójcik-Dudek, M., <a rel="noreferrer noopener" href="http://www.noz.us.edu.pl/wp-content/uploads/2016/09/09_W%C3%B3jcik-Dudek_96-116-.pdf" target="_blank"><em>Konieczność śladu. Kanony literatury dla dzieci i młodzieży</em></a>, „Narracje o Zagładzie”, no. 1, 2015, pp. 96–116 (p. 104);</li><li>Wójcik-Dudek, M., <em>W(y)czytać Zagładę. Praktyki postpamięci w polskiej literaturze XXI wieku dla dzieci i młodzieży</em>, Katowice 2016 (pp. 32–33).</li></ul>

<p>Author: Bat-Sheva Dagan [בת שבע דגן] Illustrator: Avi Katz Translator: Batszewa Dagan Year: 2012 Publisher: Państwowe Muzeum Auschwitz-Birkenau Place of publicaion: Oświęcim Pages: 32 ISBN: 9788377040379 Notes: Translation from Hebrew (2000). Translations: לו כוכבים ידעו לדבר, il. א. כץ, Holon: Tsabar, 2000, pp. 29; If the stars could only speak,&nbsp;ill. A. Katz, trans. Z. Schaffer, Notts: Holocaust Centre, 2006, pp. 32, ISBN: 9780954300180; Wenn Sterne sprechen könnten, ill. A. Katz, trans. B. Otterbach, Berlin: Metropol, 2007, pp. 32, ISBN: 9783938690604. After the narrator Iza successfully escapes the Radom ghetto, she is found by Germans and sent to a concentration camp. There, she meets her cousin Alunia, who left her sister and two children in Radom. The women manage to organize work together in the hospital block. From this vantage point, they observe the subsequent tragic events at the camp. Thanks to Iza’s help, Alunia survives two years at the camp. She finds solace in looking up at the stars which remind her of her children. Eventually, Alunia’s children also arrive at the camp and are lodged in the same barrack. At one point, the narrator is transported to a different camp where she lives to see liberation by the Red Army. Alunia, her children and her sister also survive the war. After a difficult post-war period, the characters leave for Israel, where they finally meet again on accident after years of separation. This story, based on its author’s experiences of concentration camp imprisonment, contains much information on the fates of Jews during the Second World War, including the life in a ghetto and in a concentration camp. At the end of the book, a one-page glossary can be found (“ghetto,” “Nazi,” concentration camp,” “Red Army”). Moreover, a CD is included with two lesson plans based on this book, with subjects such as tolerance, otherness, World War Two and the Holocaust. Bibliography: Ippoldt, L., Dziecko a wojna – literatura dla dzieci o tematyce wojennej na wybranych przykładach polsko- i niemieckojęzycznych, „Orbis Linguarum”, no. 48, 2018, pp. 501–504 (p. 503); Jasnowski, P., Zagłada Żydów w najnowszej literaturze dziecięcej, „Ryms. Kwartalnik o książkach dla dzieci i młodzieży”, no. 19, 2013, pp. 6–7; Jeziorkowska-Polakowska, A., „biała plamka na tle MURU to ja&#8230;” – angielski buldog opowiada o Zagładzie, [in:] (Nie)zapomniane zwierzęta, eds. E. Łoch, D. Piechota, A. Trześniewska-Nowak, Gdańsk 2021, pp. 129–161 (p. 132, fn. 6); Olszewska, B., Konwencja pamiętnika, dziennika, autobiografii w książkach o wojnie dla młodego czytelnika, [in:] (Od)pamiętywanie – gry z przeszłością w literaturze dla dzieci i młodzieży, eds. B. Niesporek-Szamburska, M. Wójcik-Dudek, Katowice 2018, pp. 101–117 (p. 101 fn. 1); Sikora, A., W jaki sposób mówimy dzieciom o wojnie? Charakterystyka prozy o tematyce wojennej na podstawie wybranych książek dla dzieci, „Acta Universitatis Lodziensis. Folia Librorum”, no. 2 (19), 2014, pp. 25–44; Wójcik-Dudek, M., Konieczność śladu. Kanony literatury dla dzieci i młodzieży, „Narracje o Zagładzie”, no. 1, 2015, pp. 96–116 (p. 104); Wójcik-Dudek, M., W(y)czytać Zagładę. Praktyki postpamięci w polskiej literaturze XXI wieku dla dzieci i młodzieży, Katowice 2016 (pp. 32–33).</p>
