{"id":1541,"date":"2019-05-09T11:19:04","date_gmt":"2019-05-09T10:19:04","guid":{"rendered":"https:\/\/oczamidziecka.al.uw.edu.pl\/?page_id=1541"},"modified":"2023-12-06T10:15:38","modified_gmt":"2023-12-06T09:15:38","slug":"irena-sendlerowa-magiczny-koralik","status":"publish","type":"page","link":"https:\/\/oczamidziecka.al.uw.edu.pl\/index.php\/irena-sendlerowa-magiczny-koralik\/","title":{"rendered":"Irena Sendlerowa. Magiczny koralik"},"content":{"rendered":"\n<div class=\"wp-block-columns has-2-columns\">\n<div class=\"wp-block-column\">\n<h6>Autor: Beata Ostrowicka<\/h6>\n\n\n\n<h6>Ilustracje: El\u017cbieta Moyski<\/h6>\n\n\n\n<h6>Rok wydania: 2018<\/h6>\n\n\n\n<h6>Wydawnictwo: Wydawnictwo RM<\/h6>\n\n\n\n<h6>Miejsce wydania: Warszawa<\/h6>\n\n\n\n<h6>Liczba stron:&nbsp;95<\/h6>\n\n\n\n<h6>ISBN: 9788377739747<\/h6>\n\n\n\n<h6>Uwagi: Seria &#8220;Polscy superbohaterowie&#8221;<\/h6>\n<\/div>\n\n\n\n<div class=\"wp-block-column\">\n<div class=\"wp-block-image\"><figure class=\"alignright\"><img loading=\"lazy\" width=\"260\" height=\"379\" src=\"https:\/\/oczamidziecka.al.uw.edu.pl\/wp-content\/uploads\/2019\/05\/Sendlerowa-super-bohater-e1557736631528.jpg\" alt=\"\" class=\"wp-image-1739\"\/><figcaption>Wykorzystanie ok\u0142adki za zgod\u0105 wydawcy. \u00a92018 Wydawnictwo RM<\/figcaption><\/figure><\/div>\n<\/div>\n<\/div>\n\n\n<p class=\"p1\"><span class=\"s1\">Nastoletnia Majka wraz z grup\u0105 koleg\u00f3w z klasy musz\u0105 przygotowa\u0107 wsp\u00f3lnie na lekcj\u0119 j\u0119zyka polskiego prezentacj\u0119 po\u015bwi\u0119con\u0105 wybranemu bohaterowi lub bohaterce. Nie okazuj\u0105c wi\u0119kszego zainteresowania projektem, z przygotowanej przez nauczycielk\u0119 listy propozycji wybiera numer sze\u015b\u0107 i trafia na <a href=\"https:\/\/sprawiedliwi.org.pl\/pl\/o-sprawiedliwych\/irena-sendlerowa\/biografia-ireny-sendlerowej\" target=\"_blank\" rel=\"noopener noreferrer\">Iren\u0119 Sendlerow\u0105<\/a>, o kt\u00f3rej nie wie zbyt wiele. Majka i inni cz\u0142onkowie grupy z czasem anga\u017cuj\u0105 wszystkie si\u0142y w jak najdok\u0142adniejsze poznanie \u017cycia i okupacyjnej dzia\u0142alno\u015bci tej \u2013 jak si\u0119 okazuje \u2013 niesamowitej postaci. Autorka wspomina wi\u0119c nie tylko histori\u0119 Zag\u0142ady i los \u017cydowskich dzieci <a href=\"https:\/\/sztetl.org.pl\/pl\/slownik\/getto-warszawskie\" target=\"_blank\" rel=\"noopener noreferrer\">warszawskiego getta<\/a>, ale r\u00f3wnie\u017c \u201eodkrycie\u201d Sendlerowej przez uczennice z ameryka\u0144skiego Uniontown w stanie Kansas oraz nagrody i wyr\u00f3\u017cnienia, kt\u00f3re pod koniec \u017cycia otrzyma\u0142a Sprawiedliwa w\u015br\u00f3d Narod\u00f3w \u015awiata.<\/span><\/p>\n<p class=\"p1\"><span class=\"s1\">Opowie\u015b\u0107 Beaty Ostrowickiej pozwala czytelnikowi pozna\u0107 \u017cycie i dzia\u0142alno\u015b\u0107 Ireny Sendlerowej za po\u015brednictwem m\u0142odych bohater\u00f3w, kt\u00f3rzy \u2013 niczym we <a href=\"https:\/\/oczamidziecka.al.uw.edu.pl\/index.php\/wszystkie-lajki-marczuka\/\" target=\"_blank\" rel=\"noopener noreferrer\"><em>Wszystkich lajkach Marczuka<\/em><\/a>\u00a0\u2013 anga\u017cuj\u0105 si\u0119 w szkolny projekt historyczny i z czasem odkrywaj\u0105 kolejne fakty z \u017cycia Sprawiedliwej w\u015br\u00f3d Narod\u00f3w \u015awiata. Cho\u0107 podobnych biografii Sendlerowej nie brakuje, bohaterka ksi\u0105\u017cki zostaje przez Ostrowieck\u0105 odbr\u0105zowiona, a m\u0142ody czytelnik do\u015bwiadczy namiastki historycznego sporu o to, czy wszystkie przypisywane Sendlerowej czyny rzeczywi\u015bcie mia\u0142y miejsce, wsp\u00f3\u0142pracuj\u0105cy z Majk\u0105 Antoni prezentuje bowiem krytyczny stosunek do przesz\u0142o\u015bci (zapewne inspirowany biografi\u0105 <em>Sendlerowa. W ukryciu<\/em> Anny Bikont z 2017 roku), zwracaj\u0105c uwag\u0119 na nie\u015bcis\u0142o\u015bci w opowie\u015bci ratuj\u0105cej. W ten spos\u00f3b autorka zdaje si\u0119 zach\u0119ca\u0107 m\u0142odych czytelnik\u00f3w do krytycznego traktowania \u017ar\u00f3de\u0142 historycznych i publicystycznych wypowiedzi, prezentuj\u0105cych postaci i wydarzenia z historii Polski w spos\u00f3b jednowymiarowy.<\/span><\/p>\n<p>\u00a0<\/p>\n<h6>Bibliografia:<\/h6>\n<ul class=\"ul1\">\n<li>Rybak, K.,\u00a0<em>Dzieci\u0144stwo w labiryncie getta. Recepcja mitu labiryntu w polskiej literaturze dzieci\u0119cej o Zag\u0142adzie<\/em>, Warszawa 2019 (s. 14\u201315, 106);<\/li>\n<li>Rybak, K., <i>Stosunki polsko-\u017cydowskie i Zag\u0142ada w polskiej literaturze dzieci\u0119cej XXI wieku<\/i>, [w:] <i>Stosunki polsko-\u017cydowskie<\/i>, t. 2, <em>Kultura. Literatura, sztuka i nauka w XX wieku<\/em>, red. Z. Tr\u0119bacz, Warszawa 2020, s. 171\u2013187 (s. 179);<\/li>\n<li>Rybak, K., <a href=\"https:\/\/doi.org\/10.31261\/NoZ.2021.07.09\" target=\"_blank\" rel=\"noreferrer noopener\"><em>Zag\u0142ada i ideologia w polskiej literaturze dzieci\u0119cej XXI wieku<\/em><\/a>, \u201eNarracje o Zag\u0142adzie\u201d, nr 1(7), 2021, s. 155\u2013173 (s. 159, przyp. 18);<\/li>\n<li>Rybak, K.,\u00a0<em>Obrazowanie Zag\u0142ady. Narracje holokaustowe w polskiej literaturze XXI wieku dla dzieci i m\u0142odzie\u017cy<\/em>, Warszawa 2023.<\/li>\n<\/ul>","protected":false},"excerpt":{"rendered":"<p>Autor: Beata Ostrowicka Ilustracje: El\u017cbieta Moyski Rok wydania: 2018 Wydawnictwo: Wydawnictwo RM Miejsce wydania: Warszawa Liczba stron:&nbsp;95 ISBN: 9788377739747 Uwagi: Seria &#8220;Polscy superbohaterowie&#8221; Nastoletnia Majka wraz z grup\u0105 koleg\u00f3w z klasy musz\u0105 przygotowa\u0107 wsp\u00f3lnie na lekcj\u0119 j\u0119zyka polskiego prezentacj\u0119 po\u015bwi\u0119con\u0105 wybranemu bohaterowi lub bohaterce. Nie okazuj\u0105c wi\u0119kszego zainteresowania projektem, z przygotowanej przez nauczycielk\u0119 listy propozycji wybiera numer sze\u015b\u0107 i trafia na Iren\u0119 Sendlerow\u0105, o kt\u00f3rej nie wie zbyt wiele. Majka i inni cz\u0142onkowie grupy z czasem anga\u017cuj\u0105 wszystkie si\u0142y w jak najdok\u0142adniejsze poznanie \u017cycia i okupacyjnej dzia\u0142alno\u015bci tej \u2013 jak si\u0119 okazuje \u2013 niesamowitej postaci. Autorka wspomina wi\u0119c nie tylko histori\u0119 Zag\u0142ady i los \u017cydowskich dzieci warszawskiego getta, ale r\u00f3wnie\u017c \u201eodkrycie\u201d Sendlerowej przez uczennice z ameryka\u0144skiego Uniontown w stanie Kansas oraz nagrody i wyr\u00f3\u017cnienia, kt\u00f3re pod koniec \u017cycia otrzyma\u0142a Sprawiedliwa w\u015br\u00f3d Narod\u00f3w \u015awiata. Opowie\u015b\u0107 Beaty Ostrowickiej pozwala czytelnikowi pozna\u0107 \u017cycie i dzia\u0142alno\u015b\u0107 Ireny Sendlerowej za po\u015brednictwem m\u0142odych bohater\u00f3w, kt\u00f3rzy \u2013 niczym we Wszystkich lajkach Marczuka\u00a0\u2013 anga\u017cuj\u0105 si\u0119 w szkolny projekt historyczny i z czasem odkrywaj\u0105 kolejne fakty z \u017cycia Sprawiedliwej w\u015br\u00f3d Narod\u00f3w \u015awiata. Cho\u0107 podobnych biografii Sendlerowej nie brakuje, bohaterka ksi\u0105\u017cki zostaje przez Ostrowieck\u0105 odbr\u0105zowiona, a m\u0142ody czytelnik do\u015bwiadczy namiastki historycznego sporu o to, czy wszystkie przypisywane Sendlerowej czyny rzeczywi\u015bcie mia\u0142y miejsce, wsp\u00f3\u0142pracuj\u0105cy z Majk\u0105 Antoni prezentuje bowiem krytyczny stosunek do przesz\u0142o\u015bci (zapewne inspirowany biografi\u0105 Sendlerowa. W ukryciu Anny Bikont z 2017 roku), zwracaj\u0105c uwag\u0119 na nie\u015bcis\u0142o\u015bci w opowie\u015bci ratuj\u0105cej. W ten spos\u00f3b autorka zdaje si\u0119 zach\u0119ca\u0107 m\u0142odych czytelnik\u00f3w do krytycznego traktowania \u017ar\u00f3de\u0142 historycznych i publicystycznych wypowiedzi, prezentuj\u0105cych postaci i wydarzenia z historii Polski w spos\u00f3b jednowymiarowy. \u00a0 Bibliografia: Rybak, K.,\u00a0Dzieci\u0144stwo w labiryncie getta. Recepcja mitu labiryntu w polskiej literaturze dzieci\u0119cej o Zag\u0142adzie, Warszawa 2019 (s. 14\u201315, 106); Rybak, K., Stosunki polsko-\u017cydowskie i Zag\u0142ada w polskiej literaturze dzieci\u0119cej XXI wieku, [w:] Stosunki polsko-\u017cydowskie, t. 2, Kultura. Literatura, sztuka i nauka w XX wieku, red. Z. Tr\u0119bacz, Warszawa 2020, s. 171\u2013187 (s. 179); Rybak, K., Zag\u0142ada i ideologia w polskiej literaturze dzieci\u0119cej XXI wieku, \u201eNarracje o Zag\u0142adzie\u201d, nr 1(7), 2021, s. 155\u2013173 (s. 159, przyp. 18); Rybak, K.,\u00a0Obrazowanie Zag\u0142ady. Narracje holokaustowe w polskiej literaturze XXI wieku dla dzieci i m\u0142odzie\u017cy, Warszawa 2023.<\/p>\n","protected":false},"author":1,"featured_media":0,"parent":0,"menu_order":0,"comment_status":"closed","ping_status":"closed","template":"","meta":[],"_links":{"self":[{"href":"https:\/\/oczamidziecka.al.uw.edu.pl\/index.php\/wp-json\/wp\/v2\/pages\/1541"}],"collection":[{"href":"https:\/\/oczamidziecka.al.uw.edu.pl\/index.php\/wp-json\/wp\/v2\/pages"}],"about":[{"href":"https:\/\/oczamidziecka.al.uw.edu.pl\/index.php\/wp-json\/wp\/v2\/types\/page"}],"author":[{"embeddable":true,"href":"https:\/\/oczamidziecka.al.uw.edu.pl\/index.php\/wp-json\/wp\/v2\/users\/1"}],"replies":[{"embeddable":true,"href":"https:\/\/oczamidziecka.al.uw.edu.pl\/index.php\/wp-json\/wp\/v2\/comments?post=1541"}],"version-history":[{"count":16,"href":"https:\/\/oczamidziecka.al.uw.edu.pl\/index.php\/wp-json\/wp\/v2\/pages\/1541\/revisions"}],"predecessor-version":[{"id":3606,"href":"https:\/\/oczamidziecka.al.uw.edu.pl\/index.php\/wp-json\/wp\/v2\/pages\/1541\/revisions\/3606"}],"wp:attachment":[{"href":"https:\/\/oczamidziecka.al.uw.edu.pl\/index.php\/wp-json\/wp\/v2\/media?parent=1541"}],"curies":[{"name":"wp","href":"https:\/\/api.w.org\/{rel}","templated":true}]}}