{"id":1488,"date":"2019-04-28T17:48:15","date_gmt":"2019-04-28T16:48:15","guid":{"rendered":"https:\/\/oczamidziecka.al.uw.edu.pl\/?page_id=1488"},"modified":"2023-12-06T10:13:31","modified_gmt":"2023-12-06T09:13:31","slug":"dom-cioci-lusi-aunt-lusias-home","status":"publish","type":"page","link":"https:\/\/oczamidziecka.al.uw.edu.pl\/index.php\/en\/dom-cioci-lusi-aunt-lusias-home\/","title":{"rendered":"Dom cioci Lusi [Aunt Lusia&#8217;s Home]"},"content":{"rendered":"\n<div class=\"wp-block-columns has-2-columns\">\n<div class=\"wp-block-column\">\n<h6>Author: Krzysztof Str\u0119cioch<\/h6>\n\n\n\n<h6>Illustrator: Krzysztof Str\u0119cioch<\/h6>\n\n\n\n<h6>Year:&nbsp;2018<\/h6>\n\n\n\n<h6>Publisher: Adamada<\/h6>\n\n\n\n<h6>Place of publication: Gda\u0144sk<\/h6>\n\n\n\n<h6>Pages:&nbsp;32<\/h6>\n\n\n\n<h6>ISBN: 9788381180375<\/h6>\n<\/div>\n\n\n\n<div class=\"wp-block-column\">\n<div class=\"wp-block-image\"><figure class=\"alignright\"><img loading=\"lazy\" width=\"380\" height=\"380\" src=\"https:\/\/oczamidziecka.al.uw.edu.pl\/wp-content\/uploads\/2019\/05\/dom-cioci-lusi.2-e1557734634545.jpg\" alt=\"Dom cioci Lusi ok\u0142adka\" class=\"wp-image-1698\"\/><figcaption>Cover courtesy of the publisher.<\/figcaption><\/figure><\/div>\n<\/div>\n<\/div>\n\n\n<p class=\"p1\"><span class=\"s1\">\u201cMy name is Wandzia, Zosia, and Basia. I am going to tell you my story\u201d. These are the opening words of Krzysztof Str\u0119cioch\u2019s Holocaust story aimed at the youngest reader group (starting at five years old). The narrative sees a little Jewish girl uprooted from a calm life with her parents and transported to the ghetto, where she observes the dramatic situation of Jews condemned to death. Luckily, her parents manage to smuggle Wandzia-Zosia-Basia back to the \u201cAryan\u201d side of the ghetto wall, where she finds shelter in the eponymous home of Aunt Lusia. Having been especially trained, the girl assumes a new identity and continues to hide from the constant, looming threat. The protagonist manages to see the end of the war, and finishes her story with the moving words: \u201cMy name is Wanda, Zofia, Barbara. I am Polish. I am a Jew. I would not like my story to ever be repeated\u201d.<\/span><\/p>\n<p class=\"p1\"><span class=\"s1\"><i>Aunt Lusia\u2019s Home<\/i> is a story on the Holocaust directed at a very young reader group. A short, simplified narrative from the perspective of a little girl can help introduce this difficult subject to young children. It will not upset the reader by any horrors or violence whatsoever, and the short plot told in simple sentences is accessible to young children. At the same time. Str\u0119cioch has included researched historical occurrences, such as concealing one\u2019s identity or \u201cplaying hide-and-seek\u201d, thereby offering a temperate but accurate narrative on the Holocaust.<\/span><\/p>\n<p>\u00a0<\/p>\n<h6>Bibliography:<\/h6>\n<ul class=\"ul1\">\n<li class=\"li1\"><span class=\"s2\"><span class=\"s1\">Karczewska, A., <i>Pami\u0119\u0107 i empatia. O dzieci\u0119cej literaturze Zag\u0142ady<\/i>, [w:]\u00a0<i>Pami\u0119\u0107 o Zag\u0142adzie w polskoj\u0119zycznej i niemieckoj\u0119zycznej literaturze autorek i autor\u00f3w drugiego oraz trzeciego pokolenia post-Szoah \/ Das Ged\u00e4chtnis an die Shoah in der polnischen und deutschsprachigen Literatur von Autorinnen und Autoren der zweiten und dritten Post-Shoah-Generation<\/i>, red. I. von der L\u00fche, S.J. \u017burek, Lublin 2019, s. 265\u2013300;<\/span><\/span><\/li>\n<li>Rybak, K., <i>Stosunki polsko-\u017cydowskie i Zag\u0142ada w polskiej literaturze dzieci\u0119cej XXI wieku<\/i>, [in:] <i>Stosunki polsko-\u017cydowskie<\/i>, vol. 2, <em>Kultura. Literatura, sztuka i nauka w XX wieku<\/em>, ed. Z. Tr\u0119bacz, Warszawa 2020, pp. 171\u2013187 (p. 177, fn. 21);<\/li>\n<li>Rybak, K., <a href=\"https:\/\/doi.org\/10.31261\/NoZ.2021.07.09\" target=\"_blank\" rel=\"noopener noreferrer\"><em>Zag\u0142ada i ideologia w polskiej literaturze dzieci\u0119cej XXI wieku<\/em><\/a>, \u201eNarracje o Zag\u0142adzie<span class=\"s2\">\u201d<\/span>, no. 1(7), 2021, pp. 155\u2013173 (p. 162, 164);<\/li>\n<li>Rybak, K.,\u00a0<em>Obrazowanie Zag\u0142ady. Narracje holokaustowe w polskiej literaturze XXI wieku dla dzieci i m\u0142odzie\u017cy<\/em>, Warszawa 2023;<\/li>\n<li class=\"li1\"><span class=\"s2\">Szygu\u0142a, A.,\u00a0<\/span><span class=\"s3\"><i>Dom cioci Lusi<\/i><\/span><span class=\"s2\">, \u201eRyms. Kwartalnik o ksi\u0105\u017ckach dla dzieci i m\u0142odzie\u017cy\u201d, no. 33, 2018, p. 44<\/span><span class=\"s2\">.<\/span><\/li>\n<\/ul>","protected":false},"excerpt":{"rendered":"<p>Author: Krzysztof Str\u0119cioch Illustrator: Krzysztof Str\u0119cioch Year:&nbsp;2018 Publisher: Adamada Place of publication: Gda\u0144sk Pages:&nbsp;32 ISBN: 9788381180375 \u201cMy name is Wandzia, Zosia, and Basia. I am going to tell you my story\u201d. These are the opening words of Krzysztof Str\u0119cioch\u2019s Holocaust story aimed at the youngest reader group (starting at five years old). The narrative sees a little Jewish girl uprooted from a calm life with her parents and transported to the ghetto, where she observes the dramatic situation of Jews condemned to death. Luckily, her parents manage to smuggle Wandzia-Zosia-Basia back to the \u201cAryan\u201d side of the ghetto wall, where she finds shelter in the eponymous home of Aunt Lusia. Having been especially trained, the girl assumes a new identity and continues to hide from the constant, looming threat. The protagonist manages to see the end of the war, and finishes her story with the moving words: \u201cMy name is Wanda, Zofia, Barbara. I am Polish. I am a Jew. I would not like my story to ever be repeated\u201d. Aunt Lusia\u2019s Home is a story on the Holocaust directed at a very young reader group. A short, simplified narrative from the perspective of a little girl can help introduce this difficult subject to young children. It will not upset the reader by any horrors or violence whatsoever, and the short plot told in simple sentences is accessible to young children. At the same time. Str\u0119cioch has included researched historical occurrences, such as concealing one\u2019s identity or \u201cplaying hide-and-seek\u201d, thereby offering a temperate but accurate narrative on the Holocaust. \u00a0 Bibliography: Karczewska, A., Pami\u0119\u0107 i empatia. O dzieci\u0119cej literaturze Zag\u0142ady, [w:]\u00a0Pami\u0119\u0107 o Zag\u0142adzie w polskoj\u0119zycznej i niemieckoj\u0119zycznej literaturze autorek i autor\u00f3w drugiego oraz trzeciego pokolenia post-Szoah \/ Das Ged\u00e4chtnis an die Shoah in der polnischen und deutschsprachigen Literatur von Autorinnen und Autoren der zweiten und dritten Post-Shoah-Generation, red. I. von der L\u00fche, S.J. \u017burek, Lublin 2019, s. 265\u2013300; Rybak, K., Stosunki polsko-\u017cydowskie i Zag\u0142ada w polskiej literaturze dzieci\u0119cej XXI wieku, [in:] Stosunki polsko-\u017cydowskie, vol. 2, Kultura. Literatura, sztuka i nauka w XX wieku, ed. Z. Tr\u0119bacz, Warszawa 2020, pp. 171\u2013187 (p. 177, fn. 21); Rybak, K., Zag\u0142ada i ideologia w polskiej literaturze dzieci\u0119cej XXI wieku, \u201eNarracje o Zag\u0142adzie\u201d, no. 1(7), 2021, pp. 155\u2013173 (p. 162, 164); Rybak, K.,\u00a0Obrazowanie Zag\u0142ady. Narracje holokaustowe w polskiej literaturze XXI wieku dla dzieci i m\u0142odzie\u017cy, Warszawa 2023; Szygu\u0142a, A.,\u00a0Dom cioci Lusi, \u201eRyms. Kwartalnik o ksi\u0105\u017ckach dla dzieci i m\u0142odzie\u017cy\u201d, no. 33, 2018, p. 44.<\/p>\n","protected":false},"author":1,"featured_media":0,"parent":0,"menu_order":0,"comment_status":"closed","ping_status":"closed","template":"","meta":[],"_links":{"self":[{"href":"https:\/\/oczamidziecka.al.uw.edu.pl\/index.php\/wp-json\/wp\/v2\/pages\/1488"}],"collection":[{"href":"https:\/\/oczamidziecka.al.uw.edu.pl\/index.php\/wp-json\/wp\/v2\/pages"}],"about":[{"href":"https:\/\/oczamidziecka.al.uw.edu.pl\/index.php\/wp-json\/wp\/v2\/types\/page"}],"author":[{"embeddable":true,"href":"https:\/\/oczamidziecka.al.uw.edu.pl\/index.php\/wp-json\/wp\/v2\/users\/1"}],"replies":[{"embeddable":true,"href":"https:\/\/oczamidziecka.al.uw.edu.pl\/index.php\/wp-json\/wp\/v2\/comments?post=1488"}],"version-history":[{"count":14,"href":"https:\/\/oczamidziecka.al.uw.edu.pl\/index.php\/wp-json\/wp\/v2\/pages\/1488\/revisions"}],"predecessor-version":[{"id":3601,"href":"https:\/\/oczamidziecka.al.uw.edu.pl\/index.php\/wp-json\/wp\/v2\/pages\/1488\/revisions\/3601"}],"wp:attachment":[{"href":"https:\/\/oczamidziecka.al.uw.edu.pl\/index.php\/wp-json\/wp\/v2\/media?parent=1488"}],"curies":[{"name":"wp","href":"https:\/\/api.w.org\/{rel}","templated":true}]}}

<div class="wp-block-columns has-2-columns">
<div class="wp-block-column">
<h6>Author: Krzysztof Stręcioch</h6>



<h6>Illustrator: Krzysztof Stręcioch</h6>



<h6>Year:&nbsp;2018</h6>



<h6>Publisher: Adamada</h6>



<h6>Place of publication: Gdańsk</h6>



<h6>Pages:&nbsp;32</h6>



<h6>ISBN: 9788381180375</h6>
</div>



<div class="wp-block-column">
<div class="wp-block-image"><figure class="alignright"><img loading="lazy" width="380" height="380" src="https://oczamidziecka.al.uw.edu.pl/wp-content/uploads/2019/05/dom-cioci-lusi.2-e1557734634545.jpg" alt="Dom cioci Lusi okładka" class="wp-image-1698"/><figcaption>Cover courtesy of the publisher.</figcaption></figure></div>
</div>
</div>


<p class="p1"><span class="s1">“My name is Wandzia, Zosia, and Basia. I am going to tell you my story”. These are the opening words of Krzysztof Stręcioch’s Holocaust story aimed at the youngest reader group (starting at five years old). The narrative sees a little Jewish girl uprooted from a calm life with her parents and transported to the ghetto, where she observes the dramatic situation of Jews condemned to death. Luckily, her parents manage to smuggle Wandzia-Zosia-Basia back to the “Aryan” side of the ghetto wall, where she finds shelter in the eponymous home of Aunt Lusia. Having been especially trained, the girl assumes a new identity and continues to hide from the constant, looming threat. The protagonist manages to see the end of the war, and finishes her story with the moving words: “My name is Wanda, Zofia, Barbara. I am Polish. I am a Jew. I would not like my story to ever be repeated”.</span></p>
<p class="p1"><span class="s1"><i>Aunt Lusia’s Home</i> is a story on the Holocaust directed at a very young reader group. A short, simplified narrative from the perspective of a little girl can help introduce this difficult subject to young children. It will not upset the reader by any horrors or violence whatsoever, and the short plot told in simple sentences is accessible to young children. At the same time. Stręcioch has included researched historical occurrences, such as concealing one’s identity or “playing hide-and-seek”, thereby offering a temperate but accurate narrative on the Holocaust.</span></p>
<p> </p>
<h6>Bibliography:</h6>
<ul class="ul1">
<li class="li1"><span class="s2"><span class="s1">Karczewska, A., <i>Pamięć i empatia. O dziecięcej literaturze Zagłady</i>, [w:] <i>Pamięć o Zagładzie w polskojęzycznej i niemieckojęzycznej literaturze autorek i autorów drugiego oraz trzeciego pokolenia post-Szoah / Das Gedächtnis an die Shoah in der polnischen und deutschsprachigen Literatur von Autorinnen und Autoren der zweiten und dritten Post-Shoah-Generation</i>, red. I. von der Lühe, S.J. Żurek, Lublin 2019, s. 265–300;</span></span></li>
<li>Rybak, K., <i>Stosunki polsko-żydowskie i Zagłada w polskiej literaturze dziecięcej XXI wieku</i>, [in:] <i>Stosunki polsko-żydowskie</i>, vol. 2, <em>Kultura. Literatura, sztuka i nauka w XX wieku</em>, ed. Z. Trębacz, Warszawa 2020, pp. 171–187 (p. 177, fn. 21);</li>
<li>Rybak, K., <a href="https://doi.org/10.31261/NoZ.2021.07.09" target="_blank" rel="noopener noreferrer"><em>Zagłada i ideologia w polskiej literaturze dziecięcej XXI wieku</em></a>, „Narracje o Zagładzie<span class="s2">”</span>, no. 1(7), 2021, pp. 155–173 (p. 162, 164);</li>
<li>Rybak, K., <em>Obrazowanie Zagłady. Narracje holokaustowe w polskiej literaturze XXI wieku dla dzieci i młodzieży</em>, Warszawa 2023;</li>
<li class="li1"><span class="s2">Szyguła, A., </span><span class="s3"><i>Dom cioci Lusi</i></span><span class="s2">, „Ryms. Kwartalnik o książkach dla dzieci i młodzieży”, no. 33, 2018, p. 44</span><span class="s2">.</span></li>
</ul>

<p>Author: Krzysztof Stręcioch Illustrator: Krzysztof Stręcioch Year:&nbsp;2018 Publisher: Adamada Place of publication: Gdańsk Pages:&nbsp;32 ISBN: 9788381180375 “My name is Wandzia, Zosia, and Basia. I am going to tell you my story”. These are the opening words of Krzysztof Stręcioch’s Holocaust story aimed at the youngest reader group (starting at five years old). The narrative sees a little Jewish girl uprooted from a calm life with her parents and transported to the ghetto, where she observes the dramatic situation of Jews condemned to death. Luckily, her parents manage to smuggle Wandzia-Zosia-Basia back to the “Aryan” side of the ghetto wall, where she finds shelter in the eponymous home of Aunt Lusia. Having been especially trained, the girl assumes a new identity and continues to hide from the constant, looming threat. The protagonist manages to see the end of the war, and finishes her story with the moving words: “My name is Wanda, Zofia, Barbara. I am Polish. I am a Jew. I would not like my story to ever be repeated”. Aunt Lusia’s Home is a story on the Holocaust directed at a very young reader group. A short, simplified narrative from the perspective of a little girl can help introduce this difficult subject to young children. It will not upset the reader by any horrors or violence whatsoever, and the short plot told in simple sentences is accessible to young children. At the same time. Stręcioch has included researched historical occurrences, such as concealing one’s identity or “playing hide-and-seek”, thereby offering a temperate but accurate narrative on the Holocaust.   Bibliography: Karczewska, A., Pamięć i empatia. O dziecięcej literaturze Zagłady, [w:] Pamięć o Zagładzie w polskojęzycznej i niemieckojęzycznej literaturze autorek i autorów drugiego oraz trzeciego pokolenia post-Szoah / Das Gedächtnis an die Shoah in der polnischen und deutschsprachigen Literatur von Autorinnen und Autoren der zweiten und dritten Post-Shoah-Generation, red. I. von der Lühe, S.J. Żurek, Lublin 2019, s. 265–300; Rybak, K., Stosunki polsko-żydowskie i Zagłada w polskiej literaturze dziecięcej XXI wieku, [in:] Stosunki polsko-żydowskie, vol. 2, Kultura. Literatura, sztuka i nauka w XX wieku, ed. Z. Trębacz, Warszawa 2020, pp. 171–187 (p. 177, fn. 21); Rybak, K., Zagłada i ideologia w polskiej literaturze dziecięcej XXI wieku, „Narracje o Zagładzie”, no. 1(7), 2021, pp. 155–173 (p. 162, 164); Rybak, K., Obrazowanie Zagłady. Narracje holokaustowe w polskiej literaturze XXI wieku dla dzieci i młodzieży, Warszawa 2023; Szyguła, A., Dom cioci Lusi, „Ryms. Kwartalnik o książkach dla dzieci i młodzieży”, no. 33, 2018, p. 44.</p>
