{"id":1190,"date":"2019-02-23T12:00:09","date_gmt":"2019-02-23T11:00:09","guid":{"rendered":"https:\/\/oczamidziecka.al.uw.edu.pl\/?page_id=1190"},"modified":"2021-06-02T12:12:03","modified_gmt":"2021-06-02T11:12:03","slug":"jak-cytowac","status":"publish","type":"page","link":"https:\/\/oczamidziecka.al.uw.edu.pl\/index.php\/jak-cytowac\/","title":{"rendered":"Jak cytowa\u0107?"},"content":{"rendered":"<h6>Cytowanie ca\u0142ej strony:<\/h6>\n<p>K. Rybak,\u00a0<em>Oczami dziecka<\/em>, 2016\u20132020, https:\/\/oczamidziecka.al.uw.edu.pl\/<\/p>\n<h6>Cytowanie wpisu w j\u0119zyku polskim (na przyk\u0142adzie <em>Pami\u0119tnika Blumki<\/em>):<\/h6>\n<p>K. Rybak, [has\u0142o:]\u00a0<em>Pami\u0119tnik Blumki<\/em>, [w:]\u00a0<em>Oczami dziecka<\/em>, 2016\u20132020, https:\/\/oczamidziecka.al.uw.edu.pl\/index.php\/pamietnik-blumki\/<\/p>\n<h6>Cytowanie wpisu w j\u0119zyku angielskim (na przyk\u0142adzie <em>Pami\u0119tnika Blumki<\/em>):<\/h6>\n<p style=\"text-align: left;\">K. Rybak, [has\u0142o:]\u00a0<em>Pami\u0119tnik Blumki [Blumka&#8217;s Diary]<\/em>, t\u0142um. A. Paszkowska, [w:]\u00a0<em>Oczami dziecka<\/em>, 2016\u20132020, https:\/\/oczamidziecka.al.uw.edu.pl\/index.php\/en\/pamietnik-blumki-blumkas-diary\/<\/p>\n","protected":false},"excerpt":{"rendered":"<p>Cytowanie ca\u0142ej strony: K. Rybak,\u00a0Oczami dziecka, 2016\u20132020, https:\/\/oczamidziecka.al.uw.edu.pl\/ Cytowanie wpisu w j\u0119zyku polskim (na przyk\u0142adzie Pami\u0119tnika Blumki): K. Rybak, [has\u0142o:]\u00a0Pami\u0119tnik Blumki, [w:]\u00a0Oczami dziecka, 2016\u20132020, https:\/\/oczamidziecka.al.uw.edu.pl\/index.php\/pamietnik-blumki\/ Cytowanie wpisu w j\u0119zyku angielskim (na przyk\u0142adzie Pami\u0119tnika Blumki): K. Rybak, [has\u0142o:]\u00a0Pami\u0119tnik Blumki [Blumka&#8217;s Diary], t\u0142um. A. Paszkowska, [w:]\u00a0Oczami dziecka, 2016\u20132020, https:\/\/oczamidziecka.al.uw.edu.pl\/index.php\/en\/pamietnik-blumki-blumkas-diary\/<\/p>\n","protected":false},"author":1,"featured_media":0,"parent":0,"menu_order":0,"comment_status":"closed","ping_status":"closed","template":"","meta":[],"_links":{"self":[{"href":"https:\/\/oczamidziecka.al.uw.edu.pl\/index.php\/wp-json\/wp\/v2\/pages\/1190"}],"collection":[{"href":"https:\/\/oczamidziecka.al.uw.edu.pl\/index.php\/wp-json\/wp\/v2\/pages"}],"about":[{"href":"https:\/\/oczamidziecka.al.uw.edu.pl\/index.php\/wp-json\/wp\/v2\/types\/page"}],"author":[{"embeddable":true,"href":"https:\/\/oczamidziecka.al.uw.edu.pl\/index.php\/wp-json\/wp\/v2\/users\/1"}],"replies":[{"embeddable":true,"href":"https:\/\/oczamidziecka.al.uw.edu.pl\/index.php\/wp-json\/wp\/v2\/comments?post=1190"}],"version-history":[{"count":6,"href":"https:\/\/oczamidziecka.al.uw.edu.pl\/index.php\/wp-json\/wp\/v2\/pages\/1190\/revisions"}],"predecessor-version":[{"id":3403,"href":"https:\/\/oczamidziecka.al.uw.edu.pl\/index.php\/wp-json\/wp\/v2\/pages\/1190\/revisions\/3403"}],"wp:attachment":[{"href":"https:\/\/oczamidziecka.al.uw.edu.pl\/index.php\/wp-json\/wp\/v2\/media?parent=1190"}],"curies":[{"name":"wp","href":"https:\/\/api.w.org\/{rel}","templated":true}]}}